Last updated on 2024-05-04 09:49:36 CEST.
Flavor | Version | Tinstall | Tcheck | Ttotal | Status | Flags |
---|---|---|---|---|---|---|
r-devel-linux-x86_64-debian-clang | 1.0.2 | 6.62 | 338.08 | 344.70 | OK | |
r-devel-linux-x86_64-debian-gcc | 1.0.2 | 4.67 | 257.46 | 262.13 | OK | |
r-devel-linux-x86_64-fedora-clang | 1.0.2 | 446.30 | NOTE | |||
r-devel-linux-x86_64-fedora-gcc | 1.0.2 | 446.58 | OK | |||
r-devel-windows-x86_64 | 1.0.2 | 7.00 | 299.00 | 306.00 | OK | |
r-patched-linux-x86_64 | 1.0.2 | 5.81 | 326.37 | 332.18 | OK | |
r-release-linux-x86_64 | 1.0.2 | 5.04 | 336.61 | 341.65 | OK | |
r-release-macos-arm64 | 1.0.2 | 147.00 | OK | |||
r-release-windows-x86_64 | 1.0.2 | 8.00 | 300.00 | 308.00 | OK | |
r-oldrel-macos-arm64 | 1.0.2 | 153.00 | OK | |||
r-oldrel-macos-x86_64 | 1.0.2 | 362.00 | OK | |||
r-oldrel-windows-x86_64 | 1.0.2 | 8.00 | 526.00 | 534.00 | OK |
Version: 1.0.2
Check: Rd cross-references
Result: NOTE
Undeclared package ‘vipor’ in Rd xrefs
Flavor: r-devel-linux-x86_64-fedora-clang