Last updated on 2024-05-04 09:49:36 CEST.
Flavor | Version | Tinstall | Tcheck | Ttotal | Status | Flags |
---|---|---|---|---|---|---|
r-devel-linux-x86_64-debian-clang | 0.0.5 | 6.22 | 67.93 | 74.15 | OK | |
r-devel-linux-x86_64-debian-gcc | 0.0.5 | 5.08 | 51.29 | 56.37 | OK | |
r-devel-linux-x86_64-fedora-clang | 0.0.5 | 95.56 | NOTE | |||
r-devel-linux-x86_64-fedora-gcc | 0.0.5 | 102.86 | OK | |||
r-devel-windows-x86_64 | 0.0.5 | 10.00 | 71.00 | 81.00 | OK | |
r-patched-linux-x86_64 | 0.0.5 | 5.65 | 64.25 | 69.90 | OK | |
r-release-linux-x86_64 | 0.0.5 | 5.66 | 66.20 | 71.86 | OK | |
r-release-macos-arm64 | 0.0.5 | 34.00 | OK | |||
r-release-windows-x86_64 | 0.0.5 | 8.00 | 70.00 | 78.00 | OK | |
r-oldrel-macos-arm64 | 0.0.5 | 37.00 | OK | |||
r-oldrel-macos-x86_64 | 0.0.5 | 55.00 | OK | |||
r-oldrel-windows-x86_64 | 0.0.5 | 9.00 | 79.00 | 88.00 | OK |
Version: 0.0.5
Check: Rd cross-references
Result: NOTE
Undeclared package ‘RColorBrewer’ in Rd xrefs
Flavor: r-devel-linux-x86_64-fedora-clang