Last updated on 2024-05-04 09:49:36 CEST.
Flavor | Version | Tinstall | Tcheck | Ttotal | Status | Flags |
---|---|---|---|---|---|---|
r-devel-linux-x86_64-debian-clang | 0.1.0 | 4.43 | 40.20 | 44.63 | OK | |
r-devel-linux-x86_64-debian-gcc | 0.1.0 | 3.97 | 30.22 | 34.19 | OK | |
r-devel-linux-x86_64-fedora-clang | 0.1.0 | 56.52 | NOTE | |||
r-devel-linux-x86_64-fedora-gcc | 0.1.0 | 52.64 | NOTE | |||
r-devel-windows-x86_64 | 0.1.0 | 7.00 | 51.00 | 58.00 | OK | |
r-patched-linux-x86_64 | 0.1.0 | 4.97 | 37.33 | 42.30 | OK | |
r-release-linux-x86_64 | 0.1.0 | 3.54 | 37.73 | 41.27 | OK | |
r-release-macos-arm64 | 0.1.0 | 21.00 | OK | |||
r-release-windows-x86_64 | 0.1.0 | 6.00 | 49.00 | 55.00 | OK | |
r-oldrel-macos-arm64 | 0.1.0 | 21.00 | OK | |||
r-oldrel-macos-x86_64 | 0.1.0 | 31.00 | OK | |||
r-oldrel-windows-x86_64 | 0.1.0 | 7.00 | 53.00 | 60.00 | OK |
Version: 0.1.0
Check: dependencies in R code
Result: NOTE
Namespace in Imports field not imported from: ‘tidyr’
All declared Imports should be used.
Flavors: r-devel-linux-x86_64-fedora-clang, r-devel-linux-x86_64-fedora-gcc