Last updated on 2024-05-04 09:49:36 CEST.
Flavor | Version | Tinstall | Tcheck | Ttotal | Status | Flags |
---|---|---|---|---|---|---|
r-devel-linux-x86_64-debian-clang | 0.4.2 | 4.95 | 59.55 | 64.50 | OK | |
r-devel-linux-x86_64-debian-gcc | 0.4.2 | 3.42 | 44.40 | 47.82 | OK | |
r-devel-linux-x86_64-fedora-clang | 0.4.2 | 81.46 | NOTE | |||
r-devel-linux-x86_64-fedora-gcc | 0.4.2 | 89.09 | NOTE | |||
r-devel-windows-x86_64 | 0.4.2 | 5.00 | 66.00 | 71.00 | OK | |
r-patched-linux-x86_64 | 0.4.2 | 5.26 | 56.26 | 61.52 | OK | |
r-release-linux-x86_64 | 0.4.2 | 3.59 | 56.38 | 59.97 | OK | |
r-release-macos-arm64 | 0.4.2 | 47.00 | OK | |||
r-release-macos-x86_64 | 0.4.2 | 101.00 | OK | |||
r-release-windows-x86_64 | 0.4.2 | 5.00 | 66.00 | 71.00 | OK | |
r-oldrel-macos-arm64 | 0.4.2 | 58.00 | OK | |||
r-oldrel-macos-x86_64 | 0.4.2 | 90.00 | OK | |||
r-oldrel-windows-x86_64 | 0.4.2 | 6.00 | 71.00 | 77.00 | OK |
Version: 0.4.2
Check: data for non-ASCII characters
Result: NOTE
Note: found 1178 marked UTF-8 strings
Flavors: r-devel-linux-x86_64-fedora-clang, r-devel-linux-x86_64-fedora-gcc