Last updated on 2024-05-04 13:49:07 CEST.
Flavor | Version | Tinstall | Tcheck | Ttotal | Status | Flags |
---|---|---|---|---|---|---|
r-devel-linux-x86_64-debian-clang | 0.3-1 | 8.34 | 84.29 | 92.63 | NOTE | |
r-devel-linux-x86_64-debian-gcc | 0.3-1 | 7.17 | 63.18 | 70.35 | NOTE | |
r-devel-linux-x86_64-fedora-clang | 0.3-1 | 115.35 | NOTE | |||
r-devel-linux-x86_64-fedora-gcc | 0.3-1 | 111.30 | NOTE | |||
r-devel-windows-x86_64 | 0.3-1 | 9.00 | 83.00 | 92.00 | NOTE | |
r-patched-linux-x86_64 | 0.3-1 | 9.16 | 78.35 | 87.51 | NOTE | |
r-release-linux-x86_64 | 0.3-1 | 8.54 | 80.29 | 88.83 | NOTE | |
r-release-macos-arm64 | 0.3-1 | 36.00 | NOTE | |||
r-release-windows-x86_64 | 0.3-1 | 8.00 | 81.00 | 89.00 | NOTE | |
r-oldrel-macos-arm64 | 0.3-1 | 42.00 | NOTE | |||
r-oldrel-macos-x86_64 | 0.3-1 | 62.00 | NOTE | |||
r-oldrel-windows-x86_64 | 0.3-1 | 11.00 | 94.00 | 105.00 | NOTE |
Version: 0.3-1
Check: Rd files
Result: NOTE
checkRd: (-1) glmc.Rd:232: Escaped LaTeX specials: \&
checkRd: (-1) glmc.Rd:241: Escaped LaTeX specials: \&
checkRd: (-1) glmc.control.Rd:29: Escaped LaTeX specials: \$
checkRd: (-1) glmc.control.Rd:31: Escaped LaTeX specials: \$
checkRd: (-1) glmc.summaries.Rd:79: Escaped LaTeX specials: \&
Flavors: r-devel-linux-x86_64-debian-clang, r-devel-linux-x86_64-debian-gcc, r-devel-linux-x86_64-fedora-clang, r-devel-linux-x86_64-fedora-gcc, r-devel-windows-x86_64, r-patched-linux-x86_64, r-release-linux-x86_64, r-release-macos-arm64, r-release-windows-x86_64, r-oldrel-macos-arm64, r-oldrel-macos-x86_64, r-oldrel-windows-x86_64