Last updated on 2024-05-04 17:52:49 CEST.
Flavor | Version | Tinstall | Tcheck | Ttotal | Status | Flags |
---|---|---|---|---|---|---|
r-devel-linux-x86_64-debian-clang | 0.5.5 | 15.72 | 223.33 | 239.05 | NOTE | |
r-devel-linux-x86_64-debian-gcc | 0.5.5 | 12.21 | 162.15 | 174.36 | OK | |
r-devel-linux-x86_64-fedora-clang | 0.5.5 | 327.81 | OK | |||
r-devel-linux-x86_64-fedora-gcc | 0.5.5 | 295.81 | OK | |||
r-devel-windows-x86_64 | 0.5.5 | 16.00 | 171.00 | 187.00 | OK | |
r-patched-linux-x86_64 | 0.5.5 | 22.77 | 212.80 | 235.57 | OK | |
r-release-linux-x86_64 | 0.5.5 | 14.75 | 209.03 | 223.78 | OK | |
r-release-macos-arm64 | 0.5.5 | 91.00 | OK | |||
r-release-macos-x86_64 | 0.5.5 | 155.00 | OK | |||
r-release-windows-x86_64 | 0.5.5 | 16.00 | 172.00 | 188.00 | OK | |
r-oldrel-macos-arm64 | 0.5.5 | 95.00 | OK | |||
r-oldrel-macos-x86_64 | 0.5.5 | 145.00 | OK | |||
r-oldrel-windows-x86_64 | 0.5.5 | 22.00 | 213.00 | 235.00 | OK |
Version: 0.5.5
Check: package dependencies
Result: NOTE
Package suggested but not available for checking: ‘DESeq2’
Flavor: r-devel-linux-x86_64-debian-clang