Last updated on 2024-05-02 21:52:44 CEST.
Flavor | Version | Tinstall | Tcheck | Ttotal | Status | Flags |
---|---|---|---|---|---|---|
r-devel-linux-x86_64-debian-clang | 1.1.9 | 289.27 | 384.05 | 673.32 | NOTE | |
r-devel-linux-x86_64-debian-gcc | 1.1.9 | 250.82 | 297.33 | 548.15 | NOTE | |
r-devel-linux-x86_64-fedora-clang | 1.1.9 | 859.20 | NOTE | |||
r-devel-linux-x86_64-fedora-gcc | 1.1.9 | 967.82 | NOTE | |||
r-devel-windows-x86_64 | 1.1.9 | 208.00 | 301.00 | 509.00 | NOTE | --no-vignettes |
r-patched-linux-x86_64 | 1.1.9 | 230.42 | 374.81 | 605.23 | NOTE | |
r-release-linux-x86_64 | 1.1.9 | 226.86 | 379.69 | 606.55 | NOTE | |
r-release-macos-arm64 | 1.1.9 | 244.00 | NOTE | |||
r-release-macos-x86_64 | 1.1.9 | 495.00 | NOTE | |||
r-release-windows-x86_64 | 1.1.9 | 202.00 | 303.00 | 505.00 | NOTE | --no-vignettes |
r-oldrel-macos-arm64 | 1.1.9 | 252.00 | NOTE | |||
r-oldrel-macos-x86_64 | 1.1.9 | 484.00 | NOTE | |||
r-oldrel-windows-x86_64 | 1.1.9 | 332.00 | 336.00 | 668.00 | NOTE | --no-vignettes |
Version: 1.1.9
Check: package dependencies
Result: NOTE
Package suggested but not available for checking: ‘dotwhisker’
Flavors: r-devel-linux-x86_64-debian-clang, r-devel-linux-x86_64-debian-gcc, r-devel-linux-x86_64-fedora-clang, r-devel-linux-x86_64-fedora-gcc, r-patched-linux-x86_64, r-release-linux-x86_64
Version: 1.1.9
Check: installed package size
Result: NOTE
installed size is 12.0Mb
sub-directories of 1Mb or more:
doc 1.3Mb
libs 6.5Mb
test_data 2.3Mb
vignette_data 1.1Mb
Flavors: r-devel-linux-x86_64-fedora-clang, r-release-macos-arm64, r-release-macos-x86_64, r-oldrel-macos-arm64, r-oldrel-macos-x86_64
Version: 1.1.9
Flags: --no-vignettes
Check: installed package size
Result: NOTE
installed size is 9.8Mb
sub-directories of 1Mb or more:
doc 1.3Mb
libs 4.4Mb
test_data 2.3Mb
vignette_data 1.1Mb
Flavors: r-devel-windows-x86_64, r-release-windows-x86_64, r-oldrel-windows-x86_64