Last updated on 2024-05-04 09:49:36 CEST.
Flavor | Version | Tinstall | Tcheck | Ttotal | Status | Flags |
---|---|---|---|---|---|---|
r-devel-linux-x86_64-debian-clang | 0.1.8 | 298.18 | 190.33 | 488.51 | NOTE | |
r-devel-linux-x86_64-debian-gcc | 0.1.8 | 255.96 | 156.28 | 412.24 | NOTE | |
r-devel-linux-x86_64-fedora-clang | 0.1.8 | 618.52 | NOTE | |||
r-devel-linux-x86_64-fedora-gcc | 0.1.8 | 680.73 | NOTE | |||
r-devel-windows-x86_64 | 0.1.8 | 206.00 | 188.00 | 394.00 | NOTE | |
r-patched-linux-x86_64 | 0.1.8 | 216.61 | 208.25 | 424.86 | NOTE | |
r-release-linux-x86_64 | 0.1.8 | 226.61 | 203.43 | 430.04 | NOTE | |
r-release-macos-arm64 | 0.1.8 | 148.00 | NOTE | |||
r-release-windows-x86_64 | 0.1.8 | 198.00 | 179.00 | 377.00 | NOTE | |
r-oldrel-macos-arm64 | 0.1.8 | 145.00 | NOTE | |||
r-oldrel-macos-x86_64 | 0.1.8 | 337.00 | NOTE | |||
r-oldrel-windows-x86_64 | 0.1.8 | 266.00 | 225.00 | 491.00 | NOTE |
Version: 0.1.8
Check: for GNU extensions in Makefiles
Result: NOTE
GNU make is a SystemRequirements.
Flavors: r-devel-linux-x86_64-debian-clang, r-devel-linux-x86_64-debian-gcc, r-devel-linux-x86_64-fedora-clang, r-devel-linux-x86_64-fedora-gcc, r-devel-windows-x86_64, r-patched-linux-x86_64, r-release-linux-x86_64, r-release-macos-arm64, r-release-windows-x86_64, r-oldrel-macos-arm64, r-oldrel-macos-x86_64, r-oldrel-windows-x86_64
Version: 0.1.8
Check: installed package size
Result: NOTE
installed size is 93.0Mb
sub-directories of 1Mb or more:
libs 92.3Mb
Flavors: r-release-macos-arm64, r-oldrel-macos-arm64, r-oldrel-macos-x86_64