Last updated on 2024-05-04 13:49:07 CEST.
Flavor | Version | Tinstall | Tcheck | Ttotal | Status | Flags |
---|---|---|---|---|---|---|
r-devel-linux-x86_64-debian-clang | 1.8 | 11.56 | 113.09 | 124.65 | NOTE | |
r-devel-linux-x86_64-debian-gcc | 1.8 | 8.69 | 81.38 | 90.07 | NOTE | |
r-devel-linux-x86_64-fedora-clang | 1.8 | 154.63 | NOTE | |||
r-devel-linux-x86_64-fedora-gcc | 1.8 | 165.69 | NOTE | |||
r-devel-windows-x86_64 | 1.8 | 13.00 | 135.00 | 148.00 | NOTE | |
r-patched-linux-x86_64 | 1.8 | 13.92 | 106.10 | 120.02 | NOTE | |
r-release-linux-x86_64 | 1.8 | 11.28 | 108.14 | 119.42 | NOTE | |
r-release-macos-arm64 | 1.8 | 51.00 | NOTE | |||
r-release-windows-x86_64 | 1.8 | 12.00 | 133.00 | 145.00 | NOTE | |
r-oldrel-macos-arm64 | 1.8 | 72.00 | OK | |||
r-oldrel-macos-x86_64 | 1.8 | 158.00 | OK | |||
r-oldrel-windows-x86_64 | 1.8 | 16.00 | 143.00 | 159.00 | OK |
Version: 1.8
Check: Rd files
Result: NOTE
checkRd: (-1) ATEgel.Rd:24: Lost braces
24 | \item{g}{A formula as \code{y~z}, where code{y} is the response and
| ^
Flavors: r-devel-linux-x86_64-debian-clang, r-devel-linux-x86_64-debian-gcc, r-devel-linux-x86_64-fedora-clang, r-devel-linux-x86_64-fedora-gcc, r-devel-windows-x86_64, r-patched-linux-x86_64, r-release-linux-x86_64, r-release-macos-arm64, r-release-windows-x86_64