Last updated on 2024-05-04 13:49:07 CEST.
Flavor | Version | Tinstall | Tcheck | Ttotal | Status | Flags |
---|---|---|---|---|---|---|
r-devel-linux-x86_64-debian-clang | 1.1.1 | 7.26 | 85.70 | 92.96 | OK | |
r-devel-linux-x86_64-debian-gcc | 1.1.1 | 6.40 | 63.55 | 69.95 | OK | |
r-devel-linux-x86_64-fedora-clang | 1.1.1 | 123.43 | NOTE | |||
r-devel-linux-x86_64-fedora-gcc | 1.1.1 | 112.59 | OK | |||
r-devel-windows-x86_64 | 1.1.1 | 10.00 | 89.00 | 99.00 | OK | |
r-patched-linux-x86_64 | 1.1.1 | 14.48 | 82.20 | 96.68 | OK | |
r-release-linux-x86_64 | 1.1.1 | 7.34 | 82.34 | 89.68 | OK | |
r-release-macos-arm64 | 1.1.1 | 33.00 | OK | |||
r-release-windows-x86_64 | 1.1.1 | 10.00 | 88.00 | 98.00 | OK | |
r-oldrel-macos-arm64 | 1.1.1 | 37.00 | OK | |||
r-oldrel-macos-x86_64 | 1.1.1 | 69.00 | OK | |||
r-oldrel-windows-x86_64 | 1.1.1 | 12.00 | 105.00 | 117.00 | OK |
Version: 1.1.1
Check: Rd cross-references
Result: NOTE
Undeclared package ‘jsonlite’ in Rd xrefs
Flavor: r-devel-linux-x86_64-fedora-clang