Last updated on 2024-05-04 13:49:07 CEST.
Flavor | Version | Tinstall | Tcheck | Ttotal | Status | Flags |
---|---|---|---|---|---|---|
r-devel-linux-x86_64-debian-clang | 0.1.0 | 1.89 | 24.04 | 25.93 | NOTE | |
r-devel-linux-x86_64-debian-gcc | 0.1.0 | 1.48 | 19.08 | 20.56 | NOTE | |
r-devel-linux-x86_64-fedora-clang | 0.1.0 | 37.26 | NOTE | |||
r-devel-linux-x86_64-fedora-gcc | 0.1.0 | 48.09 | NOTE | |||
r-devel-windows-x86_64 | 0.1.0 | 3.00 | 42.00 | 45.00 | NOTE | |
r-patched-linux-x86_64 | 0.1.0 | 1.19 | 23.78 | 24.97 | NOTE | |
r-release-linux-x86_64 | 0.1.0 | 1.90 | 23.06 | 24.96 | NOTE | |
r-release-macos-arm64 | 0.1.0 | 23.00 | NOTE | |||
r-release-windows-x86_64 | 0.1.0 | 3.00 | 41.00 | 44.00 | NOTE | |
r-oldrel-macos-arm64 | 0.1.0 | 40.00 | NOTE | |||
r-oldrel-macos-x86_64 | 0.1.0 | 55.00 | NOTE | |||
r-oldrel-windows-x86_64 | 0.1.0 | 3.00 | 39.00 | 42.00 | NOTE |
Version: 0.1.0
Check: package dependencies
Result: NOTE
Package suggested but not available for checking: ‘cmdstanr’
Flavors: r-devel-linux-x86_64-debian-clang, r-devel-linux-x86_64-debian-gcc, r-devel-linux-x86_64-fedora-clang, r-devel-linux-x86_64-fedora-gcc, r-devel-windows-x86_64, r-patched-linux-x86_64, r-release-linux-x86_64, r-release-macos-arm64, r-release-windows-x86_64, r-oldrel-macos-arm64, r-oldrel-macos-x86_64, r-oldrel-windows-x86_64