Last updated on 2024-05-04 09:49:36 CEST.
Flavor | Version | Tinstall | Tcheck | Ttotal | Status | Flags |
---|---|---|---|---|---|---|
r-devel-linux-x86_64-debian-clang | 0.0.11 | 12.13 | 106.70 | 118.83 | OK | |
r-devel-linux-x86_64-debian-gcc | 0.0.11 | 10.21 | 78.41 | 88.62 | OK | |
r-devel-linux-x86_64-fedora-clang | 0.0.11 | 154.19 | NOTE | |||
r-devel-linux-x86_64-fedora-gcc | 0.0.11 | 152.17 | NOTE | |||
r-devel-windows-x86_64 | 0.0.11 | 12.00 | 108.00 | 120.00 | OK | |
r-patched-linux-x86_64 | 0.0.11 | 16.36 | 100.94 | 117.30 | OK | |
r-release-linux-x86_64 | 0.0.11 | 10.91 | 100.58 | 111.49 | OK | |
r-release-macos-arm64 | 0.0.11 | 54.00 | OK | |||
r-release-macos-x86_64 | 0.0.11 | 126.00 | OK | |||
r-release-windows-x86_64 | 0.0.11 | 11.00 | 107.00 | 118.00 | OK | |
r-oldrel-macos-arm64 | 0.0.11 | 58.00 | OK | |||
r-oldrel-macos-x86_64 | 0.0.11 | 127.00 | OK | |||
r-oldrel-windows-x86_64 | 0.0.11 | 14.00 | 114.00 | 128.00 | OK |
Version: 0.0.11
Check: data for non-ASCII characters
Result: NOTE
Note: found 5030 marked UTF-8 strings
Flavors: r-devel-linux-x86_64-fedora-clang, r-devel-linux-x86_64-fedora-gcc