Last updated on 2024-05-04 09:49:36 CEST.
Flavor | Version | Tinstall | Tcheck | Ttotal | Status | Flags |
---|---|---|---|---|---|---|
r-devel-linux-x86_64-debian-clang | 0.2.5 | 23.56 | 199.93 | 223.49 | NOTE | |
r-devel-linux-x86_64-debian-gcc | 0.2.5 | 16.61 | 147.23 | 163.84 | NOTE | |
r-devel-linux-x86_64-fedora-clang | 0.2.5 | 308.37 | NOTE | |||
r-devel-linux-x86_64-fedora-gcc | 0.2.5 | 284.13 | NOTE | |||
r-devel-windows-x86_64 | 0.2.5 | 22.00 | 169.00 | 191.00 | NOTE | |
r-patched-linux-x86_64 | 0.2.5 | 22.16 | 190.53 | 212.69 | OK | |
r-release-linux-x86_64 | 0.2.5 | 17.91 | 192.39 | 210.30 | OK | |
r-release-macos-arm64 | 0.2.5 | 74.00 | NOTE | |||
r-release-macos-x86_64 | 0.2.5 | 233.00 | NOTE | |||
r-release-windows-x86_64 | 0.2.5 | 20.00 | 169.00 | 189.00 | OK | |
r-oldrel-macos-arm64 | 0.2.5 | 90.00 | NOTE | |||
r-oldrel-macos-x86_64 | 0.2.5 | 158.00 | NOTE | |||
r-oldrel-windows-x86_64 | 0.2.5 | 27.00 | 208.00 | 235.00 | OK |
Version: 0.2.5
Check: package dependencies
Result: NOTE
Packages suggested but not available for checking:
'DESeq2', 'clusterProfiler', 'biomaRt'
Flavor: r-devel-linux-x86_64-debian-clang
Version: 0.2.5
Check: Rd cross-references
Result: NOTE
Packages unavailable to check Rd xrefs: ‘clusterProfiler’, ‘DESeq2’
Flavor: r-devel-linux-x86_64-debian-clang
Version: 0.2.5
Check: compiled code
Result: NOTE
File ‘grandR/libs/grandR.so’:
Found non-API call to R: ‘SETLENGTH’
Compiled code should not call non-API entry points in R.
See ‘Writing portable packages’ in the ‘Writing R Extensions’ manual.
Flavors: r-devel-linux-x86_64-debian-clang, r-devel-linux-x86_64-debian-gcc, r-devel-linux-x86_64-fedora-clang, r-devel-linux-x86_64-fedora-gcc
Version: 0.2.5
Check: compiled code
Result: NOTE
File 'grandR/libs/x64/grandR.dll':
Found non-API call to R: 'SETLENGTH'
Compiled code should not call non-API entry points in R.
See 'Writing portable packages' in the 'Writing R Extensions' manual.
Flavor: r-devel-windows-x86_64
Version: 0.2.5
Check: package dependencies
Result: NOTE
Package suggested but not available for checking: ‘monocle’
Flavors: r-release-macos-arm64, r-release-macos-x86_64, r-oldrel-macos-arm64, r-oldrel-macos-x86_64
Version: 0.2.5
Check: Rd cross-references
Result: NOTE
Package unavailable to check Rd xrefs: ‘monocle’
Flavors: r-release-macos-arm64, r-release-macos-x86_64, r-oldrel-macos-arm64, r-oldrel-macos-x86_64