Last updated on 2024-05-04 13:49:07 CEST.
Flavor | Version | Tinstall | Tcheck | Ttotal | Status | Flags |
---|---|---|---|---|---|---|
r-devel-linux-x86_64-debian-clang | 1.8.0 | 17.74 | 220.19 | 237.93 | OK | |
r-devel-linux-x86_64-debian-gcc | 1.8.0 | 10.82 | 159.45 | 170.27 | OK | |
r-devel-linux-x86_64-fedora-clang | 1.8.0 | 310.09 | NOTE | |||
r-devel-linux-x86_64-fedora-gcc | 1.8.0 | 314.26 | NOTE | |||
r-devel-windows-x86_64 | 1.8.0 | 19.00 | 179.00 | 198.00 | OK | |
r-patched-linux-x86_64 | 1.8.0 | 12.55 | 202.67 | 215.22 | OK | |
r-release-linux-x86_64 | 1.8.0 | 11.82 | 201.39 | 213.21 | OK | |
r-release-macos-arm64 | 1.8.0 | 84.00 | OK | |||
r-release-windows-x86_64 | 1.8.0 | 15.00 | 191.00 | 206.00 | OK | |
r-oldrel-macos-arm64 | 1.8.0 | 84.00 | OK | |||
r-oldrel-macos-x86_64 | 1.8.0 | 138.00 | OK | |||
r-oldrel-windows-x86_64 | 1.8.0 | 20.00 | 223.00 | 243.00 | OK |
Version: 1.8.0
Check: dependencies in R code
Result: NOTE
Namespace in Imports field not imported from: ‘Rdpack’
All declared Imports should be used.
Flavors: r-devel-linux-x86_64-fedora-clang, r-devel-linux-x86_64-fedora-gcc