Last updated on 2024-05-04 09:49:36 CEST.
Flavor | Version | Tinstall | Tcheck | Ttotal | Status | Flags |
---|---|---|---|---|---|---|
r-devel-linux-x86_64-debian-clang | 1.6.1 | 60.19 | 65.08 | 125.27 | NOTE | |
r-devel-linux-x86_64-debian-gcc | 1.6.1 | 57.53 | 52.62 | 110.15 | NOTE | |
r-devel-linux-x86_64-fedora-clang | 1.6.1 | 168.77 | NOTE | |||
r-devel-linux-x86_64-fedora-gcc | 1.6.1 | 181.31 | NOTE | |||
r-devel-windows-x86_64 | 1.6.1 | 52.00 | 97.00 | 149.00 | NOTE | |
r-patched-linux-x86_64 | 1.6.1 | 67.89 | 67.10 | 134.99 | NOTE | |
r-release-linux-x86_64 | 1.6.1 | 65.61 | 66.92 | 132.53 | NOTE | |
r-release-macos-arm64 | 1.6.1 | 46.00 | NOTE | |||
r-release-windows-x86_64 | 1.6.1 | 46.00 | 94.00 | 140.00 | NOTE | |
r-oldrel-macos-arm64 | 1.6.1 | 51.00 | NOTE | |||
r-oldrel-macos-x86_64 | 1.6.1 | 75.00 | NOTE | |||
r-oldrel-windows-x86_64 | 1.6.1 | 61.00 | 112.00 | 173.00 | NOTE |
Version: 1.6.1
Check: C++ specification
Result: NOTE
Specified C++11: please drop specification unless essential
Flavors: r-devel-linux-x86_64-debian-clang, r-devel-linux-x86_64-debian-gcc, r-devel-linux-x86_64-fedora-clang, r-devel-linux-x86_64-fedora-gcc, r-devel-windows-x86_64, r-patched-linux-x86_64, r-release-linux-x86_64, r-release-macos-arm64, r-release-windows-x86_64, r-oldrel-macos-arm64, r-oldrel-macos-x86_64, r-oldrel-windows-x86_64
Version: 1.6.1
Check: installed package size
Result: NOTE
installed size is 15.9Mb
sub-directories of 1Mb or more:
libs 15.8Mb
Flavors: r-release-macos-arm64, r-oldrel-macos-arm64, r-oldrel-macos-x86_64