Last updated on 2024-05-04 09:49:37 CEST.
Flavor | Version | Tinstall | Tcheck | Ttotal | Status | Flags |
---|---|---|---|---|---|---|
r-devel-linux-x86_64-debian-clang | 2.2.0 | 19.72 | 102.33 | 122.05 | OK | |
r-devel-linux-x86_64-debian-gcc | 2.2.0 | 14.51 | 73.95 | 88.46 | OK | |
r-devel-linux-x86_64-fedora-clang | 2.2.0 | 157.28 | NOTE | |||
r-devel-linux-x86_64-fedora-gcc | 2.2.0 | 146.26 | OK | |||
r-devel-windows-x86_64 | 2.2.0 | 15.00 | 96.00 | 111.00 | NOTE | |
r-patched-linux-x86_64 | 2.2.0 | 11.96 | 97.28 | 109.24 | OK | |
r-release-linux-x86_64 | 2.2.0 | 11.58 | 97.72 | 109.30 | OK | |
r-release-macos-arm64 | 2.2.0 | 41.00 | NOTE | |||
r-release-macos-x86_64 | 2.2.0 | 112.00 | NOTE | |||
r-release-windows-x86_64 | 2.2.0 | 16.00 | 92.00 | 108.00 | NOTE | |
r-oldrel-macos-arm64 | 2.2.0 | 52.00 | NOTE | |||
r-oldrel-macos-x86_64 | 2.2.0 | 95.00 | NOTE | |||
r-oldrel-windows-x86_64 | 2.2.0 | 21.00 | 109.00 | 130.00 | NOTE |
Version: 2.2.0
Check: installed package size
Result: NOTE
installed size is 5.9Mb
sub-directories of 1Mb or more:
extdata 5.0Mb
Flavors: r-devel-linux-x86_64-fedora-clang, r-devel-windows-x86_64, r-release-macos-arm64, r-release-macos-x86_64, r-release-windows-x86_64, r-oldrel-macos-arm64, r-oldrel-macos-x86_64, r-oldrel-windows-x86_64