Last updated on 2024-05-04 13:49:07 CEST.
Flavor | Version | Tinstall | Tcheck | Ttotal | Status | Flags |
---|---|---|---|---|---|---|
r-devel-linux-x86_64-debian-clang | 3.4.0 | 18.03 | 98.66 | 116.69 | NOTE | |
r-devel-linux-x86_64-debian-gcc | 3.4.0 | 10.84 | 72.46 | 83.30 | NOTE | |
r-devel-linux-x86_64-fedora-clang | 3.4.0 | 144.84 | NOTE | |||
r-devel-linux-x86_64-fedora-gcc | 3.4.0 | 146.03 | NOTE | |||
r-devel-windows-x86_64 | 3.4.0 | 18.00 | 94.00 | 112.00 | NOTE | |
r-patched-linux-x86_64 | 3.4.0 | 16.09 | 91.36 | 107.45 | NOTE | |
r-release-linux-x86_64 | 3.4.0 | 15.83 | 91.02 | 106.85 | NOTE | |
r-release-macos-arm64 | 3.4.0 | 48.00 | NOTE | |||
r-release-windows-x86_64 | 3.4.0 | 16.00 | 95.00 | 111.00 | NOTE | |
r-oldrel-macos-arm64 | 3.4.0 | 52.00 | OK | |||
r-oldrel-macos-x86_64 | 3.4.0 | 83.00 | OK | |||
r-oldrel-windows-x86_64 | 3.4.0 | 17.00 | 110.00 | 127.00 | OK |
Version: 3.4.0
Check: Rd files
Result: NOTE
checkRd: (-1) Birthwt.Rd:18: Lost braces in \itemize; meant \describe ?
checkRd: (-1) Birthwt.Rd:19: Lost braces in \itemize; meant \describe ?
checkRd: (-1) Birthwt.Rd:20: Lost braces in \itemize; meant \describe ?
checkRd: (-1) Birthwt.Rd:21-22: Lost braces in \itemize; meant \describe ?
checkRd: (-1) Birthwt.Rd:26-28: Lost braces in \itemize; meant \describe ?
checkRd: (-1) Birthwt.Rd:29-31: Lost braces in \itemize; meant \describe ?
checkRd: (-1) Birthwt.Rd:32-33: Lost braces in \itemize; meant \describe ?
checkRd: (-1) Birthwt.Rd:34: Lost braces in \itemize; meant \describe ?
checkRd: (-1) Birthwt.Rd:35-37: Lost braces in \itemize; meant \describe ?
checkRd: (-1) Birthwt.Rd:38: Lost braces in \itemize; meant \describe ?
checkRd: (-1) Birthwt.Rd:39: Lost braces in \itemize; meant \describe ?
checkRd: (-1) Birthwt.Rd:40-43: Lost braces in \itemize; meant \describe ?
checkRd: (-1) Lung.Rd:14-16: Lost braces in \itemize; meant \describe ?
checkRd: (-1) Lung.Rd:17: Lost braces in \itemize; meant \describe ?
checkRd: (-1) Lung.Rd:18-19: Lost braces in \itemize; meant \describe ?
checkRd: (-1) Lung.Rd:23-24: Lost braces in \itemize; meant \describe ?
checkRd: (-1) Lung.Rd:25-27: Lost braces in \itemize; meant \describe ?
checkRd: (-1) Lung.Rd:28-30: Lost braces in \itemize; meant \describe ?
checkRd: (-1) Lung.Rd:31-33: Lost braces in \itemize; meant \describe ?
checkRd: (-1) Lung.Rd:34: Lost braces in \itemize; meant \describe ?
checkRd: (-1) Lung.Rd:36-38: Lost braces in \itemize; meant \describe ?
Flavors: r-devel-linux-x86_64-debian-clang, r-devel-linux-x86_64-debian-gcc, r-devel-linux-x86_64-fedora-clang, r-devel-linux-x86_64-fedora-gcc, r-devel-windows-x86_64, r-patched-linux-x86_64, r-release-linux-x86_64, r-release-macos-arm64, r-release-windows-x86_64