Last updated on 2024-05-04 09:49:37 CEST.
Flavor | Version | Tinstall | Tcheck | Ttotal | Status | Flags |
---|---|---|---|---|---|---|
r-devel-linux-x86_64-debian-clang | 0.10.1 | 32.50 | 305.59 | 338.09 | OK | |
r-devel-linux-x86_64-debian-gcc | 0.10.1 | 30.98 | 217.24 | 248.22 | OK | |
r-devel-linux-x86_64-fedora-clang | 0.10.1 | 431.83 | NOTE | |||
r-devel-linux-x86_64-fedora-gcc | 0.10.1 | 385.91 | NOTE | |||
r-devel-windows-x86_64 | 0.10.1 | 34.00 | 246.00 | 280.00 | NOTE | |
r-patched-linux-x86_64 | 0.10.1 | 54.48 | 286.25 | 340.73 | OK | |
r-release-linux-x86_64 | 0.10.1 | 34.93 | 290.78 | 325.71 | OK | |
r-release-macos-arm64 | 0.10.1 | 87.00 | NOTE | |||
r-release-windows-x86_64 | 0.10.1 | 33.00 | 243.00 | 276.00 | NOTE | |
r-oldrel-macos-arm64 | 0.10.1 | 93.00 | NOTE | |||
r-oldrel-macos-x86_64 | 0.10.1 | 190.00 | NOTE | |||
r-oldrel-windows-x86_64 | 0.10.1 | 43.00 | 302.00 | 345.00 | OK |
Version: 0.10.1
Check: installed package size
Result: NOTE
installed size is 5.1Mb
sub-directories of 1Mb or more:
R 1.4Mb
help 1.9Mb
Flavors: r-devel-linux-x86_64-fedora-clang, r-devel-windows-x86_64, r-release-macos-arm64, r-release-windows-x86_64, r-oldrel-macos-arm64, r-oldrel-macos-x86_64
Version: 0.10.1
Check: data for non-ASCII characters
Result: NOTE
Note: found 146 marked UTF-8 strings
Flavors: r-devel-linux-x86_64-fedora-clang, r-devel-linux-x86_64-fedora-gcc