Last updated on 2024-05-04 09:49:37 CEST.
Flavor | Version | Tinstall | Tcheck | Ttotal | Status | Flags |
---|---|---|---|---|---|---|
r-devel-linux-x86_64-debian-clang | 1.0.0 | 0.85 | 2.05 | 2.90 | ERROR | |
r-devel-linux-x86_64-debian-gcc | 1.0.0 | 65.74 | 70.47 | 136.21 | OK | |
r-devel-linux-x86_64-fedora-clang | 1.0.0 | 280.25 | OK | |||
r-devel-linux-x86_64-fedora-gcc | 1.0.0 | 250.12 | OK | |||
r-devel-windows-x86_64 | 1.0.0 | 75.00 | 114.00 | 189.00 | OK | |
r-patched-linux-x86_64 | 1.0.0 | 75.20 | 91.12 | 166.32 | OK | |
r-release-linux-x86_64 | 1.0.0 | 58.78 | 89.61 | 148.39 | OK | |
r-release-macos-arm64 | 1.0.0 | 59.00 | NOTE | |||
r-release-macos-x86_64 | 1.0.0 | 90.00 | NOTE | |||
r-release-windows-x86_64 | 1.0.0 | 72.00 | 113.00 | 185.00 | OK | |
r-oldrel-macos-arm64 | 1.0.0 | 67.00 | NOTE | |||
r-oldrel-macos-x86_64 | 1.0.0 | 100.00 | NOTE | |||
r-oldrel-windows-x86_64 | 1.0.0 | 91.00 | 137.00 | 228.00 | OK |
Version: 1.0.0
Check: package dependencies
Result: ERROR
Package required but not available: ‘GenomicRanges’
See section ‘The DESCRIPTION file’ in the ‘Writing R Extensions’
manual.
Flavor: r-devel-linux-x86_64-debian-clang
Version: 1.0.0
Check: installed package size
Result: NOTE
installed size is 5.8Mb
sub-directories of 1Mb or more:
data 3.0Mb
libs 2.5Mb
Flavors: r-release-macos-arm64, r-release-macos-x86_64, r-oldrel-macos-arm64, r-oldrel-macos-x86_64