Last updated on 2024-05-04 13:49:08 CEST.
Flavor | Version | Tinstall | Tcheck | Ttotal | Status | Flags |
---|---|---|---|---|---|---|
r-devel-linux-x86_64-debian-clang | 0.0.3 | 19.05 | 114.08 | 133.13 | NOTE | |
r-devel-linux-x86_64-debian-gcc | 0.0.3 | 12.78 | 85.17 | 97.95 | NOTE | |
r-devel-linux-x86_64-fedora-clang | 0.0.3 | 173.31 | NOTE | |||
r-devel-linux-x86_64-fedora-gcc | 0.0.3 | 161.88 | NOTE | |||
r-devel-windows-x86_64 | 0.0.3 | 15.00 | 96.00 | 111.00 | NOTE | |
r-patched-linux-x86_64 | 0.0.3 | 16.19 | 110.22 | 126.41 | NOTE | |
r-release-linux-x86_64 | 0.0.3 | 17.39 | 107.58 | 124.97 | NOTE | |
r-release-macos-arm64 | 0.0.3 | 46.00 | NOTE | |||
r-release-macos-x86_64 | 0.0.3 | 92.00 | NOTE | |||
r-release-windows-x86_64 | 0.0.3 | 16.00 | 99.00 | 115.00 | NOTE | |
r-oldrel-macos-arm64 | 0.0.3 | 54.00 | NOTE | |||
r-oldrel-macos-x86_64 | 0.0.3 | 84.00 | NOTE | |||
r-oldrel-windows-x86_64 | 0.0.3 | 21.00 | 119.00 | 140.00 | NOTE |
Version: 0.0.3
Check: package dependencies
Result: NOTE
Package suggested but not available for checking: ‘cmdstanr’
Flavors: r-devel-linux-x86_64-debian-clang, r-devel-linux-x86_64-debian-gcc, r-devel-linux-x86_64-fedora-clang, r-devel-linux-x86_64-fedora-gcc, r-devel-windows-x86_64, r-patched-linux-x86_64, r-release-linux-x86_64, r-release-macos-arm64, r-release-macos-x86_64, r-release-windows-x86_64, r-oldrel-macos-arm64, r-oldrel-macos-x86_64, r-oldrel-windows-x86_64