Last updated on 2024-05-04 13:49:08 CEST.
Flavor | Version | Tinstall | Tcheck | Ttotal | Status | Flags |
---|---|---|---|---|---|---|
r-devel-linux-x86_64-debian-clang | 0.0.13 | 18.81 | 256.52 | 275.33 | OK | |
r-devel-linux-x86_64-debian-gcc | 0.0.13 | 14.66 | 189.96 | 204.62 | OK | |
r-devel-linux-x86_64-fedora-clang | 0.0.13 | 352.80 | OK | |||
r-devel-linux-x86_64-fedora-gcc | 0.0.13 | 349.75 | OK | |||
r-devel-windows-x86_64 | 0.0.13 | 19.00 | 220.00 | 239.00 | OK | |
r-patched-linux-x86_64 | 0.0.13 | 0.41 | 2.20 | 2.61 | ERROR | |
r-release-linux-x86_64 | 0.0.13 | 0.43 | 2.41 | 2.84 | ERROR | |
r-release-macos-arm64 | 0.0.13 | 95.00 | OK | |||
r-release-windows-x86_64 | 0.0.13 | 18.00 | 218.00 | 236.00 | OK | |
r-oldrel-macos-arm64 | 0.0.13 | 112.00 | OK | |||
r-oldrel-macos-x86_64 | 0.0.13 | 177.00 | OK | |||
r-oldrel-windows-x86_64 | 0.0.13 | 24.00 | 274.00 | 298.00 | OK |
Version: 0.0.13
Check: package dependencies
Result: ERROR
Package required but not available: ‘modeltime’
See section ‘The DESCRIPTION file’ in the ‘Writing R Extensions’
manual.
Flavors: r-patched-linux-x86_64, r-release-linux-x86_64