Last updated on 2024-05-04 13:49:08 CEST.
Flavor | Version | Tinstall | Tcheck | Ttotal | Status | Flags |
---|---|---|---|---|---|---|
r-devel-linux-x86_64-debian-clang | 1.1.9 | 2.05 | 33.45 | 35.50 | NOTE | |
r-devel-linux-x86_64-debian-gcc | 1.1.9 | 2.03 | 26.92 | 28.95 | NOTE | |
r-devel-linux-x86_64-fedora-clang | 1.1.9 | 50.43 | NOTE | |||
r-devel-linux-x86_64-fedora-gcc | 1.1.9 | 58.40 | NOTE | |||
r-devel-windows-x86_64 | 1.1.9 | 4.00 | 61.00 | 65.00 | NOTE | |
r-patched-linux-x86_64 | 1.1.9 | 2.13 | 32.55 | 34.68 | NOTE | |
r-release-linux-x86_64 | 1.1.9 | 2.15 | 34.77 | 36.92 | NOTE | |
r-release-macos-arm64 | 1.1.9 | 23.00 | NOTE | |||
r-release-windows-x86_64 | 1.1.9 | 3.00 | 60.00 | 63.00 | NOTE | |
r-oldrel-macos-arm64 | 1.1.9 | 24.00 | OK | |||
r-oldrel-macos-x86_64 | 1.1.9 | 35.00 | OK | |||
r-oldrel-windows-x86_64 | 1.1.9 | 3.00 | 56.00 | 59.00 | OK |
Version: 1.1.9
Check: Rd files
Result: NOTE
checkRd: (-1) colByValue.Rd:20: Lost braces; missing escapes or markup?
20 | \item{las}{numeric in {0,1,2,3}; the style of axis labels.}
| ^
Flavors: r-devel-linux-x86_64-debian-clang, r-devel-linux-x86_64-debian-gcc, r-devel-linux-x86_64-fedora-clang, r-devel-linux-x86_64-fedora-gcc, r-devel-windows-x86_64, r-patched-linux-x86_64, r-release-linux-x86_64, r-release-macos-arm64, r-release-windows-x86_64