Last updated on 2024-05-04 13:49:08 CEST.
Flavor | Version | Tinstall | Tcheck | Ttotal | Status | Flags |
---|---|---|---|---|---|---|
r-devel-linux-x86_64-debian-clang | 1.3 | 2.87 | 26.14 | 29.01 | NOTE | |
r-devel-linux-x86_64-debian-gcc | 1.3 | 2.10 | 20.48 | 22.58 | NOTE | |
r-devel-linux-x86_64-fedora-clang | 1.3 | 38.17 | NOTE | |||
r-devel-linux-x86_64-fedora-gcc | 1.3 | 36.50 | NOTE | |||
r-devel-windows-x86_64 | 1.3 | 3.00 | 42.00 | 45.00 | NOTE | |
r-patched-linux-x86_64 | 1.3 | 3.16 | 24.80 | 27.96 | NOTE | |
r-release-linux-x86_64 | 1.3 | 2.25 | 25.82 | 28.07 | NOTE | |
r-release-macos-arm64 | 1.3 | 13.00 | NOTE | |||
r-release-windows-x86_64 | 1.3 | 3.00 | 41.00 | 44.00 | NOTE | |
r-oldrel-macos-arm64 | 1.3 | 14.00 | NOTE | |||
r-oldrel-macos-x86_64 | 1.3 | 21.00 | NOTE | |||
r-oldrel-windows-x86_64 | 1.3 | 3.00 | 42.00 | 45.00 | NOTE |
Version: 1.3
Check: package dependencies
Result: NOTE
Package suggested but not available for checking: ‘colorfulVennPlot’
Flavors: r-devel-linux-x86_64-debian-clang, r-devel-linux-x86_64-debian-gcc, r-devel-linux-x86_64-fedora-clang, r-devel-linux-x86_64-fedora-gcc, r-devel-windows-x86_64, r-patched-linux-x86_64, r-release-linux-x86_64, r-release-macos-arm64, r-release-windows-x86_64, r-oldrel-macos-arm64, r-oldrel-macos-x86_64, r-oldrel-windows-x86_64