Last updated on 2024-05-04 09:49:37 CEST.
Flavor | Version | Tinstall | Tcheck | Ttotal | Status | Flags |
---|---|---|---|---|---|---|
r-devel-linux-x86_64-debian-clang | 0.4.3 | 20.42 | 152.86 | 173.28 | NOTE | |
r-devel-linux-x86_64-debian-gcc | 0.4.3 | 15.39 | 124.15 | 139.54 | NOTE | |
r-devel-linux-x86_64-fedora-clang | 0.4.3 | 248.37 | NOTE | |||
r-devel-linux-x86_64-fedora-gcc | 0.4.3 | 293.09 | NOTE | |||
r-devel-windows-x86_64 | 0.4.3 | 17.00 | 214.00 | 231.00 | NOTE | |
r-patched-linux-x86_64 | 0.4.3 | 18.45 | 162.84 | 181.29 | NOTE | |
r-release-linux-x86_64 | 0.4.3 | 18.94 | 159.97 | 178.91 | NOTE | |
r-release-macos-arm64 | 0.4.3 | 61.00 | NOTE | |||
r-release-windows-x86_64 | 0.4.3 | 16.00 | 216.00 | 232.00 | NOTE | |
r-oldrel-macos-arm64 | 0.4.3 | 68.00 | NOTE | |||
r-oldrel-macos-x86_64 | 0.4.3 | 121.00 | NOTE | |||
r-oldrel-windows-x86_64 | 0.4.3 | 17.00 | 225.00 | 242.00 | NOTE |
Version: 0.4.3
Check: C++ specification
Result: NOTE
Specified C++11: please drop specification unless essential
Flavors: r-devel-linux-x86_64-debian-clang, r-devel-linux-x86_64-debian-gcc, r-devel-linux-x86_64-fedora-clang, r-devel-linux-x86_64-fedora-gcc, r-devel-windows-x86_64, r-patched-linux-x86_64, r-release-linux-x86_64, r-release-macos-arm64, r-release-windows-x86_64, r-oldrel-macos-arm64, r-oldrel-macos-x86_64, r-oldrel-windows-x86_64
Version: 0.4.3
Check: LazyData
Result: NOTE
'LazyData' is specified without a 'data' directory
Flavors: r-devel-linux-x86_64-debian-clang, r-devel-linux-x86_64-debian-gcc, r-devel-linux-x86_64-fedora-clang, r-devel-linux-x86_64-fedora-gcc, r-devel-windows-x86_64, r-patched-linux-x86_64, r-release-linux-x86_64, r-release-macos-arm64, r-release-windows-x86_64, r-oldrel-macos-arm64, r-oldrel-macos-x86_64, r-oldrel-windows-x86_64