Last updated on 2024-05-04 09:49:37 CEST.
Flavor | Version | Tinstall | Tcheck | Ttotal | Status | Flags |
---|---|---|---|---|---|---|
r-devel-linux-x86_64-debian-clang | 1.0.1 | 57.71 | 38.41 | 96.12 | OK | |
r-devel-linux-x86_64-debian-gcc | 1.0.1 | 41.04 | 30.84 | 71.88 | OK | |
r-devel-linux-x86_64-fedora-clang | 1.0.1 | 124.60 | OK | |||
r-devel-linux-x86_64-fedora-gcc | 1.0.1 | 123.05 | OK | |||
r-devel-windows-x86_64 | 1.0.1 | 37.00 | 76.00 | 113.00 | OK | |
r-patched-linux-x86_64 | 1.0.1 | 51.55 | 39.14 | 90.69 | OK | |
r-release-linux-x86_64 | 1.0.1 | 43.09 | 39.65 | 82.74 | OK | |
r-release-macos-arm64 | 1.0.1 | 28.00 | NOTE | |||
r-release-windows-x86_64 | 1.0.1 | 36.00 | 72.00 | 108.00 | OK | |
r-oldrel-macos-arm64 | 1.0.1 | 36.00 | NOTE | |||
r-oldrel-macos-x86_64 | 1.0.1 | 53.00 | NOTE | |||
r-oldrel-windows-x86_64 | 1.0.1 | 48.00 | 80.00 | 128.00 | OK |
Version: 1.0.1
Check: installed package size
Result: NOTE
installed size is 5.3Mb
sub-directories of 1Mb or more:
libs 5.2Mb
Flavors: r-release-macos-arm64, r-oldrel-macos-arm64, r-oldrel-macos-x86_64