Last updated on 2024-05-04 09:49:37 CEST.
Flavor | Version | Tinstall | Tcheck | Ttotal | Status | Flags |
---|---|---|---|---|---|---|
r-devel-linux-x86_64-debian-clang | 2.0.2 | 322.26 | 175.99 | 498.25 | NOTE | |
r-devel-linux-x86_64-debian-gcc | 2.0.2 | 313.32 | 185.61 | 498.93 | NOTE | |
r-devel-linux-x86_64-fedora-clang | 2.0.2 | 715.18 | NOTE | |||
r-devel-linux-x86_64-fedora-gcc | 2.0.2 | 852.04 | NOTE | |||
r-devel-windows-x86_64 | 2.0.2 | 265.00 | 244.00 | 509.00 | NOTE | |
r-patched-linux-x86_64 | 2.0.2 | 253.54 | 173.27 | 426.81 | NOTE | |
r-release-linux-x86_64 | 2.0.2 | 261.93 | 173.63 | 435.56 | NOTE | |
r-release-macos-arm64 | 2.0.2 | 192.00 | NOTE | |||
r-release-windows-x86_64 | 2.0.2 | 255.00 | 242.00 | 497.00 | NOTE | |
r-oldrel-macos-arm64 | 2.0.2 | 160.00 | NOTE | |||
r-oldrel-macos-x86_64 | 2.0.2 | 259.00 | NOTE | |||
r-oldrel-windows-x86_64 | 2.0.2 | 332.00 | 299.00 | 631.00 | NOTE |
Version: 2.0.2
Check: Rd files
Result: NOTE
checkRd: (-1) simgl.Rd:50: Lost braces; missing escapes or markup?
50 | Uses the {updog} R package for simulating read counts and generating
| ^
Flavors: r-devel-linux-x86_64-debian-clang, r-devel-linux-x86_64-debian-gcc, r-devel-linux-x86_64-fedora-clang, r-devel-linux-x86_64-fedora-gcc, r-devel-windows-x86_64, r-patched-linux-x86_64, r-release-linux-x86_64, r-release-macos-arm64, r-release-windows-x86_64
Version: 2.0.2
Check: for GNU extensions in Makefiles
Result: NOTE
GNU make is a SystemRequirements.
Flavors: r-devel-linux-x86_64-debian-clang, r-devel-linux-x86_64-debian-gcc, r-devel-linux-x86_64-fedora-clang, r-devel-linux-x86_64-fedora-gcc, r-devel-windows-x86_64, r-patched-linux-x86_64, r-release-linux-x86_64, r-release-macos-arm64, r-release-windows-x86_64, r-oldrel-macos-arm64, r-oldrel-macos-x86_64, r-oldrel-windows-x86_64
Version: 2.0.2
Check: installed package size
Result: NOTE
installed size is 50.2Mb
sub-directories of 1Mb or more:
libs 49.6Mb
Flavors: r-release-macos-arm64, r-oldrel-macos-arm64, r-oldrel-macos-x86_64