Last updated on 2024-05-04 13:49:08 CEST.
Flavor | Version | Tinstall | Tcheck | Ttotal | Status | Flags |
---|---|---|---|---|---|---|
r-devel-linux-x86_64-debian-clang | 0.1.0 | 27.08 | 124.52 | 151.60 | NOTE | |
r-devel-linux-x86_64-debian-gcc | 0.1.0 | 13.80 | 130.02 | 143.82 | NOTE | |
r-devel-linux-x86_64-fedora-clang | 0.1.0 | 248.56 | NOTE | |||
r-devel-linux-x86_64-fedora-gcc | 0.1.0 | 240.58 | NOTE | |||
r-devel-windows-x86_64 | 0.1.0 | 17.00 | 144.00 | 161.00 | NOTE | |
r-patched-linux-x86_64 | 0.1.0 | 17.84 | 114.34 | 132.18 | NOTE | |
r-release-linux-x86_64 | 0.1.0 | 12.18 | 115.28 | 127.46 | NOTE | |
r-release-macos-arm64 | 0.1.0 | 70.00 | NOTE | |||
r-release-windows-x86_64 | 0.1.0 | 17.00 | 140.00 | 157.00 | NOTE | |
r-oldrel-macos-arm64 | 0.1.0 | 72.00 | NOTE | |||
r-oldrel-macos-x86_64 | 0.1.0 | 117.00 | NOTE | |||
r-oldrel-windows-x86_64 | 0.1.0 | 23.00 | 182.00 | 205.00 | NOTE |
Version: 0.1.0
Check: LazyData
Result: NOTE
'LazyData' is specified without a 'data' directory
Flavors: r-devel-linux-x86_64-debian-clang, r-devel-linux-x86_64-debian-gcc, r-devel-linux-x86_64-fedora-clang, r-devel-linux-x86_64-fedora-gcc, r-devel-windows-x86_64, r-patched-linux-x86_64, r-release-linux-x86_64, r-release-macos-arm64, r-release-windows-x86_64, r-oldrel-macos-arm64, r-oldrel-macos-x86_64, r-oldrel-windows-x86_64
Version: 0.1.0
Check: installed package size
Result: NOTE
installed size is 5.3Mb
sub-directories of 1Mb or more:
extdata 4.8Mb
Flavors: r-devel-linux-x86_64-fedora-clang, r-devel-windows-x86_64, r-release-macos-arm64, r-release-windows-x86_64, r-oldrel-macos-arm64, r-oldrel-macos-x86_64, r-oldrel-windows-x86_64