Last updated on 2024-05-04 09:49:37 CEST.
Flavor | Version | Tinstall | Tcheck | Ttotal | Status | Flags |
---|---|---|---|---|---|---|
r-devel-linux-x86_64-debian-clang | 1.6.7 | 50.01 | 196.84 | 246.85 | OK | |
r-devel-linux-x86_64-debian-gcc | 1.6.7 | 35.79 | 139.12 | 174.91 | OK | |
r-devel-linux-x86_64-fedora-clang | 1.6.7 | 310.44 | NOTE | |||
r-devel-linux-x86_64-fedora-gcc | 1.6.7 | 300.44 | OK | |||
r-devel-windows-x86_64 | 1.6.7 | 41.00 | 164.00 | 205.00 | OK | |
r-patched-linux-x86_64 | 1.6.7 | 49.87 | 180.01 | 229.88 | OK | |
r-release-linux-x86_64 | 1.6.7 | 39.81 | 179.90 | 219.71 | OK | |
r-release-macos-arm64 | 1.6.7 | 75.00 | OK | |||
r-release-macos-x86_64 | 1.6.7 | 123.00 | OK | |||
r-release-windows-x86_64 | 1.6.7 | 41.00 | 162.00 | 203.00 | OK | |
r-oldrel-macos-arm64 | 1.6.7 | 72.00 | OK | |||
r-oldrel-macos-x86_64 | 1.6.7 | 118.00 | OK | |||
r-oldrel-windows-x86_64 | 1.6.7 | 50.00 | 207.00 | 257.00 | OK |
Version: 1.6.7
Check: package dependencies
Result: NOTE
Imports includes 26 non-default packages.
Importing from so many packages makes the package vulnerable to any of
them becoming unavailable. Move as many as possible to Suggests and
use conditionally.
Flavor: r-devel-linux-x86_64-fedora-clang