Last updated on 2024-05-04 13:49:09 CEST.
Flavor | Version | Tinstall | Tcheck | Ttotal | Status | Flags |
---|---|---|---|---|---|---|
r-devel-linux-x86_64-debian-clang | 1.0.2 | 2.25 | 112.83 | 115.08 | NOTE | |
r-devel-linux-x86_64-debian-gcc | 1.0.2 | 2.11 | 82.91 | 85.02 | NOTE | |
r-devel-linux-x86_64-fedora-clang | 1.0.2 | 150.12 | NOTE | |||
r-devel-linux-x86_64-fedora-gcc | 1.0.2 | 162.56 | NOTE | |||
r-devel-windows-x86_64 | 1.0.2 | 4.00 | 102.00 | 106.00 | NOTE | |
r-patched-linux-x86_64 | 1.0.2 | 2.03 | 107.50 | 109.53 | NOTE | |
r-release-linux-x86_64 | 1.0.2 | 2.57 | 106.25 | 108.82 | NOTE | |
r-release-macos-arm64 | 1.0.2 | 54.00 | NOTE | |||
r-release-windows-x86_64 | 1.0.2 | 3.00 | 106.00 | 109.00 | NOTE | |
r-oldrel-macos-arm64 | 1.0.2 | 60.00 | NOTE | |||
r-oldrel-macos-x86_64 | 1.0.2 | 95.00 | NOTE | |||
r-oldrel-windows-x86_64 | 1.0.2 | 3.00 | 128.00 | 131.00 | NOTE |
Version: 1.0.2
Check: LazyData
Result: NOTE
'LazyData' is specified without a 'data' directory
Flavors: r-devel-linux-x86_64-debian-clang, r-devel-linux-x86_64-debian-gcc, r-devel-linux-x86_64-fedora-clang, r-devel-linux-x86_64-fedora-gcc, r-devel-windows-x86_64, r-patched-linux-x86_64, r-release-linux-x86_64, r-release-macos-arm64, r-release-windows-x86_64, r-oldrel-macos-arm64, r-oldrel-macos-x86_64, r-oldrel-windows-x86_64