Last updated on 2024-05-04 09:49:37 CEST.
Flavor | Version | Tinstall | Tcheck | Ttotal | Status | Flags |
---|---|---|---|---|---|---|
r-devel-linux-x86_64-debian-clang | 0.3.0 | 5.18 | 44.09 | 49.27 | OK | |
r-devel-linux-x86_64-debian-gcc | 0.3.0 | 4.04 | 34.06 | 38.10 | OK | |
r-devel-linux-x86_64-fedora-clang | 0.3.0 | 64.84 | NOTE | |||
r-devel-linux-x86_64-fedora-gcc | 0.3.0 | 71.98 | OK | |||
r-devel-windows-x86_64 | 0.3.0 | 7.00 | 54.00 | 61.00 | OK | |
r-patched-linux-x86_64 | 0.3.0 | 3.57 | 42.75 | 46.32 | OK | |
r-release-linux-x86_64 | 0.3.0 | 3.01 | 42.97 | 45.98 | OK | |
r-release-macos-arm64 | 0.3.0 | 31.00 | OK | |||
r-release-windows-x86_64 | 0.3.0 | 5.00 | 54.00 | 59.00 | OK | |
r-oldrel-macos-arm64 | 0.3.0 | 30.00 | OK | |||
r-oldrel-macos-x86_64 | 0.3.0 | 49.00 | OK | |||
r-oldrel-windows-x86_64 | 0.3.0 | 7.00 | 58.00 | 65.00 | OK |
Version: 0.3.0
Check: Rd cross-references
Result: NOTE
Undeclared package ‘tibble’ in Rd xrefs
Flavor: r-devel-linux-x86_64-fedora-clang