Last updated on 2024-05-04 09:49:37 CEST.
Flavor | Version | Tinstall | Tcheck | Ttotal | Status | Flags |
---|---|---|---|---|---|---|
r-devel-linux-x86_64-debian-clang | 1.0.4 | 4.01 | 141.64 | 145.65 | OK | |
r-devel-linux-x86_64-debian-gcc | 1.0.4 | 2.45 | 126.72 | 129.17 | OK | |
r-devel-linux-x86_64-fedora-clang | 1.0.4 | 175.63 | NOTE | |||
r-devel-linux-x86_64-fedora-gcc | 1.0.4 | 188.68 | NOTE | |||
r-devel-windows-x86_64 | 1.0.4 | 6.00 | 236.00 | 242.00 | OK | |
r-patched-linux-x86_64 | 1.0.4 | 3.30 | 142.22 | 145.52 | OK | |
r-release-linux-x86_64 | 1.0.4 | 2.68 | 140.33 | 143.01 | OK | |
r-release-macos-arm64 | 1.0.4 | 88.00 | OK | |||
r-release-windows-x86_64 | 1.0.4 | 4.00 | 203.00 | 207.00 | OK | |
r-oldrel-macos-arm64 | 1.0.4 | 98.00 | OK | |||
r-oldrel-macos-x86_64 | 1.0.4 | 217.00 | OK | |||
r-oldrel-windows-x86_64 | 1.0.4 | 5.00 | 214.00 | 219.00 | OK |
Version: 1.0.4
Check: data for non-ASCII characters
Result: NOTE
Note: found 4 marked UTF-8 strings
Flavors: r-devel-linux-x86_64-fedora-clang, r-devel-linux-x86_64-fedora-gcc