Last updated on 2024-05-04 09:49:38 CEST.
Flavor | Version | Tinstall | Tcheck | Ttotal | Status | Flags |
---|---|---|---|---|---|---|
r-devel-linux-x86_64-debian-clang | 1.0.2 | 1.00 | 2.35 | 3.35 | ERROR | |
r-devel-linux-x86_64-debian-gcc | 1.0.2 | 60.95 | 322.53 | 383.48 | OK | |
r-devel-linux-x86_64-fedora-clang | 1.0.2 | 691.55 | OK | |||
r-devel-linux-x86_64-fedora-gcc | 1.0.2 | 633.00 | OK | |||
r-devel-windows-x86_64 | 1.0.2 | 66.00 | 298.00 | 364.00 | OK | |
r-patched-linux-x86_64 | 1.0.2 | 50.25 | 412.46 | 462.71 | OK | |
r-release-linux-x86_64 | 1.0.2 | 59.70 | 411.43 | 471.13 | OK | |
r-release-macos-arm64 | 1.0.2 | 204.00 | OK | |||
r-release-macos-x86_64 | 1.0.2 | 453.00 | OK | |||
r-release-windows-x86_64 | 1.0.2 | 66.00 | 296.00 | 362.00 | OK | |
r-oldrel-macos-arm64 | 1.0.2 | 204.00 | OK | |||
r-oldrel-macos-x86_64 | 1.0.2 | 403.00 | OK | |||
r-oldrel-windows-x86_64 | 1.0.2 | 87.00 | 391.00 | 478.00 | OK |
Version: 1.0.2
Check: package dependencies
Result: ERROR
Packages required but not available: 'GenomicAlignments', 'Rsamtools'
See section ‘The DESCRIPTION file’ in the ‘Writing R Extensions’
manual.
Flavor: r-devel-linux-x86_64-debian-clang