Last updated on 2024-05-06 01:48:25 CEST.
Flavor | Version | Tinstall | Tcheck | Ttotal | Status | Flags |
---|---|---|---|---|---|---|
r-devel-linux-x86_64-debian-clang | 2.3.4 | 9.05 | 66.74 | 75.79 | OK | |
r-devel-linux-x86_64-debian-gcc | 2.3.4 | 7.33 | 51.56 | 58.89 | OK | |
r-devel-linux-x86_64-fedora-clang | 2.3.4 | 96.80 | OK | |||
r-devel-linux-x86_64-fedora-gcc | 2.3.4 | 116.66 | OK | |||
r-devel-windows-x86_64 | 2.3.4 | 27.00 | 86.00 | 113.00 | OK | |
r-patched-linux-x86_64 | 2.3.4 | 8.68 | 63.17 | 71.85 | OK | |
r-release-linux-x86_64 | 2.3.4 | 9.73 | 63.28 | 73.01 | OK | |
r-release-macos-arm64 | 2.3.4 | 46.00 | NOTE | |||
r-release-windows-x86_64 | 2.3.4 | 29.00 | 85.00 | 114.00 | OK | |
r-oldrel-macos-arm64 | 2.3.4 | 57.00 | NOTE | |||
r-oldrel-macos-x86_64 | 2.3.4 | 80.00 | NOTE | |||
r-oldrel-windows-x86_64 | 2.3.4 | 31.00 | 89.00 | 120.00 | OK |
Version: 2.3.4
Check: installed package size
Result: NOTE
installed size is 7.1Mb
sub-directories of 1Mb or more:
libs 5.2Mb
Flavors: r-release-macos-arm64, r-oldrel-macos-arm64, r-oldrel-macos-x86_64