Last updated on 2024-05-04 13:49:08 CEST.
Flavor | Version | Tinstall | Tcheck | Ttotal | Status | Flags |
---|---|---|---|---|---|---|
r-devel-linux-x86_64-debian-clang | 0.5.0 | 13.43 | 117.65 | 131.08 | NOTE | |
r-devel-linux-x86_64-debian-gcc | 0.5.0 | 10.10 | 88.03 | 98.13 | NOTE | |
r-devel-linux-x86_64-fedora-clang | 0.5.0 | 175.19 | NOTE | |||
r-devel-linux-x86_64-fedora-gcc | 0.5.0 | 168.62 | NOTE | |||
r-devel-windows-x86_64 | 0.5.0 | 12.00 | 102.00 | 114.00 | NOTE | |
r-patched-linux-x86_64 | 0.5.0 | 11.58 | 113.72 | 125.30 | NOTE | |
r-release-linux-x86_64 | 0.5.0 | 12.25 | 110.39 | 122.64 | NOTE | |
r-release-macos-arm64 | 0.5.0 | 50.00 | NOTE | |||
r-release-windows-x86_64 | 0.5.0 | 11.00 | 103.00 | 114.00 | NOTE | |
r-oldrel-macos-arm64 | 0.5.0 | 59.00 | OK | |||
r-oldrel-macos-x86_64 | 0.5.0 | 92.00 | OK | |||
r-oldrel-windows-x86_64 | 0.5.0 | 15.00 | 121.00 | 136.00 | OK |
Version: 0.5.0
Check: Rd files
Result: NOTE
checkRd: (-1) imagesToKerasInput.Rd:23: Lost braces
23 | \item{grayscale}{logical. Defines color channels of images: 1 if code{TRUE}, 3 if \code{FALSE}.}
| ^
Flavors: r-devel-linux-x86_64-debian-clang, r-devel-linux-x86_64-debian-gcc, r-devel-linux-x86_64-fedora-clang, r-devel-linux-x86_64-fedora-gcc, r-devel-windows-x86_64, r-patched-linux-x86_64, r-release-linux-x86_64, r-release-macos-arm64, r-release-windows-x86_64