Last updated on 2024-05-04 13:49:08 CEST.
Flavor | Version | Tinstall | Tcheck | Ttotal | Status | Flags |
---|---|---|---|---|---|---|
r-devel-linux-x86_64-debian-clang | 0.8.7 | 46.32 | 209.96 | 256.28 | NOTE | |
r-devel-linux-x86_64-debian-gcc | 0.8.7 | 40.31 | 153.42 | 193.73 | NOTE | |
r-devel-linux-x86_64-fedora-clang | 0.8.7 | 344.25 | NOTE | |||
r-devel-linux-x86_64-fedora-gcc | 0.8.7 | 340.62 | NOTE | |||
r-devel-windows-x86_64 | 0.8.7 | 48.00 | 152.00 | 200.00 | NOTE | |
r-patched-linux-x86_64 | 0.8.7 | 48.53 | 195.53 | 244.06 | NOTE | |
r-release-linux-x86_64 | 0.8.7 | 52.52 | 196.80 | 249.32 | NOTE | |
r-release-macos-arm64 | 0.8.7 | 93.00 | NOTE | |||
r-release-macos-x86_64 | 0.8.7 | 180.00 | NOTE | |||
r-release-windows-x86_64 | 0.8.7 | 45.00 | 150.00 | 195.00 | NOTE | |
r-oldrel-macos-arm64 | 0.8.7 | 105.00 | NOTE | |||
r-oldrel-macos-x86_64 | 0.8.7 | 163.00 | NOTE | |||
r-oldrel-windows-x86_64 | 0.8.7 | 62.00 | 197.00 | 259.00 | NOTE |
Version: 0.8.7
Check: LazyData
Result: NOTE
'LazyData' is specified without a 'data' directory
Flavors: r-devel-linux-x86_64-debian-clang, r-devel-linux-x86_64-debian-gcc, r-devel-linux-x86_64-fedora-clang, r-devel-linux-x86_64-fedora-gcc, r-devel-windows-x86_64, r-patched-linux-x86_64, r-release-linux-x86_64, r-release-macos-arm64, r-release-macos-x86_64, r-release-windows-x86_64, r-oldrel-macos-arm64, r-oldrel-macos-x86_64, r-oldrel-windows-x86_64
Version: 0.8.7
Check: installed package size
Result: NOTE
installed size is 5.2Mb
sub-directories of 1Mb or more:
R 5.1Mb
Flavors: r-release-macos-arm64, r-release-macos-x86_64, r-oldrel-macos-arm64, r-oldrel-macos-x86_64