Last updated on 2024-05-04 05:50:23 CEST.
Flavor | Version | Tinstall | Tcheck | Ttotal | Status | Flags |
---|---|---|---|---|---|---|
r-devel-linux-x86_64-debian-clang | 0.1.0 | 41.23 | 55.76 | 96.99 | NOTE | |
r-devel-linux-x86_64-fedora-clang | 0.1.0 | 122.14 | NOTE | |||
r-devel-linux-x86_64-fedora-gcc | 0.1.0 | 118.76 | NOTE | |||
r-devel-windows-x86_64 | 0.1.0 | 32.00 | 76.00 | 108.00 | NOTE | |
r-patched-linux-x86_64 | 0.1.0 | 33.82 | 52.39 | 86.21 | NOTE | |
r-release-linux-x86_64 | 0.1.0 | 33.12 | 53.10 | 86.22 | NOTE | |
r-release-macos-arm64 | 0.1.0 | 31.00 | NOTE | |||
r-release-windows-x86_64 | 0.1.0 | 30.00 | 76.00 | 106.00 | NOTE | |
r-oldrel-macos-arm64 | 0.1.0 | 35.00 | NOTE | |||
r-oldrel-macos-x86_64 | 0.1.0 | 57.00 | NOTE | |||
r-oldrel-windows-x86_64 | 0.1.0 | 36.00 | 89.00 | 125.00 | NOTE |
Version: 0.1.0
Check: LazyData
Result: NOTE
'LazyData' is specified without a 'data' directory
Flavors: r-devel-linux-x86_64-debian-clang, r-devel-linux-x86_64-fedora-clang, r-devel-linux-x86_64-fedora-gcc, r-devel-windows-x86_64, r-patched-linux-x86_64, r-release-linux-x86_64, r-release-macos-arm64, r-release-windows-x86_64, r-oldrel-macos-arm64, r-oldrel-macos-x86_64, r-oldrel-windows-x86_64