Last updated on 2024-05-04 13:49:09 CEST.
Flavor | Version | Tinstall | Tcheck | Ttotal | Status | Flags |
---|---|---|---|---|---|---|
r-devel-linux-x86_64-debian-clang | 3.0.3 | 9.35 | 82.91 | 92.26 | NOTE | |
r-devel-linux-x86_64-debian-gcc | 3.0.3 | 6.29 | 60.79 | 67.08 | NOTE | |
r-devel-linux-x86_64-fedora-clang | 3.0.3 | 113.39 | NOTE | |||
r-devel-linux-x86_64-fedora-gcc | 3.0.3 | 106.08 | NOTE | |||
r-devel-windows-x86_64 | 3.0.3 | 10.00 | 77.00 | 87.00 | NOTE | |
r-patched-linux-x86_64 | 3.0.3 | 6.53 | 77.04 | 83.57 | NOTE | |
r-release-linux-x86_64 | 3.0.3 | 8.28 | 78.43 | 86.71 | NOTE | |
r-release-macos-arm64 | 3.0.3 | 33.00 | NOTE | |||
r-release-windows-x86_64 | 3.0.3 | 7.00 | 77.00 | 84.00 | NOTE | |
r-oldrel-macos-arm64 | 3.0.3 | 36.00 | NOTE | |||
r-oldrel-macos-x86_64 | 3.0.3 | 57.00 | NOTE | |||
r-oldrel-windows-x86_64 | 3.0.3 | 10.00 | 91.00 | 101.00 | NOTE |
Version: 3.0.3
Check: LazyData
Result: NOTE
'LazyData' is specified without a 'data' directory
Flavors: r-devel-linux-x86_64-debian-clang, r-devel-linux-x86_64-debian-gcc, r-devel-linux-x86_64-fedora-clang, r-devel-linux-x86_64-fedora-gcc, r-devel-windows-x86_64, r-patched-linux-x86_64, r-release-linux-x86_64, r-release-macos-arm64, r-release-windows-x86_64, r-oldrel-macos-arm64, r-oldrel-macos-x86_64, r-oldrel-windows-x86_64