Last updated on 2024-05-04 09:49:38 CEST.
Flavor | Version | Tinstall | Tcheck | Ttotal | Status | Flags |
---|---|---|---|---|---|---|
r-devel-linux-x86_64-debian-clang | 0.1.2 | 127.93 | 33.83 | 161.76 | NOTE | |
r-devel-linux-x86_64-debian-gcc | 0.1.2 | 98.76 | 26.29 | 125.05 | NOTE | |
r-devel-linux-x86_64-fedora-clang | 0.1.2 | 246.55 | NOTE | |||
r-devel-linux-x86_64-fedora-gcc | 0.1.2 | 233.93 | NOTE | |||
r-devel-windows-x86_64 | 0.1.2 | 93.00 | 69.00 | 162.00 | NOTE | |
r-patched-linux-x86_64 | 0.1.2 | 116.02 | 32.44 | 148.46 | NOTE | |
r-release-linux-x86_64 | 0.1.2 | 123.53 | 33.34 | 156.87 | NOTE | |
r-release-macos-arm64 | 0.1.2 | 41.00 | NOTE | |||
r-release-windows-x86_64 | 0.1.2 | 91.00 | 68.00 | 159.00 | NOTE | |
r-oldrel-macos-arm64 | 0.1.2 | 49.00 | NOTE | |||
r-oldrel-macos-x86_64 | 0.1.2 | 94.00 | NOTE | |||
r-oldrel-windows-x86_64 | 0.1.2 | 86.00 | 74.00 | 160.00 | NOTE |
Version: 0.1.2
Check: LazyData
Result: NOTE
'LazyData' is specified without a 'data' directory
Flavors: r-devel-linux-x86_64-debian-clang, r-devel-linux-x86_64-debian-gcc, r-devel-linux-x86_64-fedora-clang, r-devel-linux-x86_64-fedora-gcc, r-devel-windows-x86_64, r-patched-linux-x86_64, r-release-linux-x86_64, r-release-macos-arm64, r-release-windows-x86_64, r-oldrel-macos-arm64, r-oldrel-macos-x86_64, r-oldrel-windows-x86_64