Last updated on 2024-05-04 09:49:38 CEST.
Flavor | Version | Tinstall | Tcheck | Ttotal | Status | Flags |
---|---|---|---|---|---|---|
r-devel-linux-x86_64-debian-clang | 0.1.3 | 73.81 | 42.05 | 115.86 | NOTE | |
r-devel-linux-x86_64-debian-gcc | 0.1.3 | 65.49 | 36.36 | 101.85 | NOTE | |
r-devel-linux-x86_64-fedora-clang | 0.1.3 | 160.72 | NOTE | |||
r-devel-linux-x86_64-fedora-gcc | 0.1.3 | 184.53 | NOTE | |||
r-devel-windows-x86_64 | 0.1.3 | 56.00 | 89.00 | 145.00 | NOTE | |
r-patched-linux-x86_64 | 0.1.3 | 78.22 | 44.45 | 122.67 | NOTE | |
r-release-linux-x86_64 | 0.1.3 | 74.94 | 45.84 | 120.78 | NOTE | |
r-release-macos-arm64 | 0.1.3 | 44.00 | NOTE | |||
r-release-windows-x86_64 | 0.1.3 | 53.00 | 84.00 | 137.00 | NOTE | |
r-oldrel-macos-arm64 | 0.1.3 | 52.00 | NOTE | |||
r-oldrel-macos-x86_64 | 0.1.3 | 79.00 | NOTE | |||
r-oldrel-windows-x86_64 | 0.1.3 | 66.00 | 97.00 | 163.00 | NOTE |
Version: 0.1.3
Check: C++ specification
Result: NOTE
Specified C++11: please drop specification unless essential
Flavors: r-devel-linux-x86_64-debian-clang, r-devel-linux-x86_64-debian-gcc, r-devel-linux-x86_64-fedora-clang, r-devel-linux-x86_64-fedora-gcc, r-devel-windows-x86_64, r-patched-linux-x86_64, r-release-linux-x86_64, r-release-macos-arm64, r-release-windows-x86_64, r-oldrel-macos-arm64, r-oldrel-macos-x86_64, r-oldrel-windows-x86_64
Version: 0.1.3
Check: installed package size
Result: NOTE
installed size is 17.5Mb
sub-directories of 1Mb or more:
libs 17.3Mb
Flavors: r-release-macos-arm64, r-oldrel-macos-arm64, r-oldrel-macos-x86_64