Last updated on 2024-05-04 13:49:09 CEST.
Flavor | Version | Tinstall | Tcheck | Ttotal | Status | Flags |
---|---|---|---|---|---|---|
r-devel-linux-x86_64-debian-clang | 1.1-6 | 7.11 | 69.09 | 76.20 | OK | |
r-devel-linux-x86_64-debian-gcc | 1.1-6 | 6.12 | 53.37 | 59.49 | OK | |
r-devel-linux-x86_64-fedora-clang | 1.1-6 | 94.15 | NOTE | |||
r-devel-linux-x86_64-fedora-gcc | 1.1-6 | 91.09 | NOTE | |||
r-devel-windows-x86_64 | 1.1-6 | 8.00 | 72.00 | 80.00 | OK | |
r-patched-linux-x86_64 | 1.1-6 | 7.11 | 65.87 | 72.98 | OK | |
r-release-linux-x86_64 | 1.1-6 | 6.96 | 66.73 | 73.69 | OK | |
r-release-macos-arm64 | 1.1-6 | 33.00 | OK | |||
r-release-macos-x86_64 | 1.1-6 | 100.00 | OK | |||
r-release-windows-x86_64 | 1.1-6 | 8.00 | 72.00 | 80.00 | OK | |
r-oldrel-macos-arm64 | 1.1-6 | 42.00 | OK | |||
r-oldrel-macos-x86_64 | 1.1-6 | 68.00 | OK | |||
r-oldrel-windows-x86_64 | 1.1-6 | 10.00 | 86.00 | 96.00 | OK |
Version: 1.1-6
Check: data for non-ASCII characters
Result: NOTE
Note: found 12106 marked UTF-8 strings
Flavors: r-devel-linux-x86_64-fedora-clang, r-devel-linux-x86_64-fedora-gcc