Last updated on 2024-05-04 13:49:09 CEST.
Flavor | Version | Tinstall | Tcheck | Ttotal | Status | Flags |
---|---|---|---|---|---|---|
r-devel-linux-x86_64-debian-clang | 1.4.2 | 4.50 | 56.09 | 60.59 | OK | |
r-devel-linux-x86_64-debian-gcc | 1.4.2 | 3.47 | 41.80 | 45.27 | OK | |
r-devel-linux-x86_64-fedora-clang | 1.4.2 | 75.88 | NOTE | |||
r-devel-linux-x86_64-fedora-gcc | 1.4.2 | 83.47 | OK | |||
r-devel-windows-x86_64 | 1.4.2 | 4.00 | 89.00 | 93.00 | OK | |
r-patched-linux-x86_64 | 1.4.2 | 5.06 | 52.78 | 57.84 | OK | |
r-release-linux-x86_64 | 1.4.2 | 3.70 | 54.08 | 57.78 | OK | |
r-release-macos-arm64 | 1.4.2 | 32.00 | OK | |||
r-release-windows-x86_64 | 1.4.2 | 5.00 | 87.00 | 92.00 | OK | |
r-oldrel-macos-arm64 | 1.4.2 | 35.00 | OK | |||
r-oldrel-macos-x86_64 | 1.4.2 | 50.00 | OK | |||
r-oldrel-windows-x86_64 | 1.4.2 | 5.00 | 85.00 | 90.00 | OK |
Version: 1.4.2
Check: Rd cross-references
Result: NOTE
Undeclared packages ‘nlstools’, ‘lme4’ in Rd xrefs
Flavor: r-devel-linux-x86_64-fedora-clang