Last updated on 2024-05-04 17:52:51 CEST.
Flavor | Version | Tinstall | Tcheck | Ttotal | Status | Flags |
---|---|---|---|---|---|---|
r-devel-linux-x86_64-debian-clang | 1.0.2 | 170.52 | 79.92 | 250.44 | OK | |
r-devel-linux-x86_64-debian-gcc | 1.0.2 | 128.88 | 59.09 | 187.97 | OK | |
r-devel-linux-x86_64-fedora-clang | 1.0.2 | 357.11 | OK | |||
r-devel-linux-x86_64-fedora-gcc | 1.0.2 | 383.21 | OK | |||
r-devel-windows-x86_64 | 1.0.2 | 140.00 | 103.00 | 243.00 | OK | |
r-patched-linux-x86_64 | 1.0.2 | 166.50 | 74.32 | 240.82 | OK | |
r-release-linux-x86_64 | 1.0.2 | 162.42 | 76.44 | 238.86 | OK | |
r-release-macos-arm64 | 1.0.2 | 90.00 | NOTE | |||
r-release-windows-x86_64 | 1.0.2 | 134.00 | 102.00 | 236.00 | OK | |
r-oldrel-macos-arm64 | 1.0.2 | 95.00 | NOTE | |||
r-oldrel-macos-x86_64 | 1.0.2 | 131.00 | NOTE | |||
r-oldrel-windows-x86_64 | 1.0.2 | 166.00 | 126.00 | 292.00 | OK |
Version: 1.0.2
Check: installed package size
Result: NOTE
installed size is 6.9Mb
sub-directories of 1Mb or more:
libs 6.4Mb
Flavors: r-release-macos-arm64, r-oldrel-macos-arm64, r-oldrel-macos-x86_64