Last updated on 2024-05-04 09:49:38 CEST.
Flavor | Version | Tinstall | Tcheck | Ttotal | Status | Flags |
---|---|---|---|---|---|---|
r-devel-linux-x86_64-debian-clang | 1.0.1 | 8.26 | 43.70 | 51.96 | NOTE | |
r-devel-linux-x86_64-debian-gcc | 1.0.1 | 6.86 | 84.02 | 90.88 | OK | |
r-devel-linux-x86_64-fedora-clang | 1.0.1 | 158.65 | OK | |||
r-devel-linux-x86_64-fedora-gcc | 1.0.1 | 149.33 | OK | |||
r-devel-windows-x86_64 | 1.0.1 | 9.00 | 125.00 | 134.00 | OK | |
r-patched-linux-x86_64 | 1.0.1 | 3.97 | 108.70 | 112.67 | OK | |
r-release-linux-x86_64 | 1.0.1 | 4.04 | 103.53 | 107.57 | OK | |
r-release-macos-arm64 | 1.0.1 | 54.00 | OK | |||
r-release-windows-x86_64 | 1.0.1 | 9.00 | 124.00 | 133.00 | OK | |
r-oldrel-macos-arm64 | 1.0.1 | 32.00 | NOTE | |||
r-oldrel-macos-x86_64 | 1.0.1 | 42.00 | NOTE | |||
r-oldrel-windows-x86_64 | 1.0.1 | 10.00 | 136.00 | 146.00 | OK |
Version: 1.0.1
Check: package dependencies
Result: NOTE
Package suggested but not available for checking: ‘xcms’
Flavors: r-devel-linux-x86_64-debian-clang, r-oldrel-macos-arm64, r-oldrel-macos-x86_64