Last updated on 2024-05-04 09:49:38 CEST.
Flavor | Version | Tinstall | Tcheck | Ttotal | Status | Flags |
---|---|---|---|---|---|---|
r-devel-linux-x86_64-debian-clang | 0.4.0 | 4.95 | 90.05 | 95.00 | OK | |
r-devel-linux-x86_64-debian-gcc | 0.4.0 | 4.50 | 62.24 | 66.74 | OK | |
r-devel-linux-x86_64-fedora-clang | 0.4.0 | 113.52 | NOTE | |||
r-devel-linux-x86_64-fedora-gcc | 0.4.0 | 121.00 | NOTE | |||
r-devel-windows-x86_64 | 0.4.0 | 6.00 | 80.00 | 86.00 | OK | |
r-patched-linux-x86_64 | 0.4.0 | 5.74 | 82.76 | 88.50 | OK | |
r-release-linux-x86_64 | 0.4.0 | 4.67 | 83.16 | 87.83 | OK | |
r-release-macos-arm64 | 0.4.0 | 37.00 | OK | |||
r-release-windows-x86_64 | 0.4.0 | 6.00 | 78.00 | 84.00 | OK | |
r-oldrel-macos-arm64 | 0.4.0 | 46.00 | OK | |||
r-oldrel-macos-x86_64 | 0.4.0 | 66.00 | OK | |||
r-oldrel-windows-x86_64 | 0.4.0 | 7.00 | 88.00 | 95.00 | OK |
Version: 0.4.0
Check: data for non-ASCII characters
Result: NOTE
Note: found 104 marked UTF-8 strings
Flavors: r-devel-linux-x86_64-fedora-clang, r-devel-linux-x86_64-fedora-gcc