Last updated on 2024-05-03 01:51:22 CEST.
Flavor | Version | Tinstall | Tcheck | Ttotal | Status | Flags |
---|---|---|---|---|---|---|
r-devel-linux-x86_64-debian-clang | 0.1.0 | 2.12 | 20.99 | 23.11 | NOTE | |
r-devel-linux-x86_64-debian-gcc | 0.1.0 | 1.55 | 16.91 | 18.46 | NOTE | |
r-devel-linux-x86_64-fedora-clang | 0.1.0 | 29.60 | NOTE | |||
r-devel-linux-x86_64-fedora-gcc | 0.1.0 | 28.37 | NOTE | |||
r-devel-windows-x86_64 | 0.1.0 | 2.00 | 41.00 | 43.00 | NOTE | |
r-patched-linux-x86_64 | 0.1.0 | 1.99 | 21.11 | 23.10 | NOTE | |
r-release-linux-x86_64 | 0.1.0 | 1.99 | 20.35 | 22.34 | NOTE | |
r-release-macos-arm64 | 0.1.0 | 14.00 | NOTE | |||
r-release-windows-x86_64 | 0.1.0 | 3.00 | 41.00 | 44.00 | NOTE | |
r-oldrel-macos-arm64 | 0.1.0 | 14.00 | OK | |||
r-oldrel-macos-x86_64 | 0.1.0 | 18.00 | OK | |||
r-oldrel-windows-x86_64 | 0.1.0 | 3.00 | 39.00 | 42.00 | OK |
Version: 0.1.0
Check: Rd files
Result: NOTE
checkRd: (-1) italy08.Rd:7: Lost braces
7 | \format{A data frame with 11 variables: \code{parent}, \code{sex}, \code{anasc}, \code{nascreg}, ' \code{cit}, \code{acom4c}, \code{studio}, code{q}, code{qual}, code{sett}, code{ireg}. There is an additional variable \code{id} that is the unique identifier for the data set.
| ^
checkRd: (-1) italy08.Rd:7: Lost braces
7 | \format{A data frame with 11 variables: \code{parent}, \code{sex}, \code{anasc}, \code{nascreg}, ' \code{cit}, \code{acom4c}, \code{studio}, code{q}, code{qual}, code{sett}, code{ireg}. There is an additional variable \code{id} that is the unique identifier for the data set.
| ^
checkRd: (-1) italy08.Rd:7: Lost braces
7 | \format{A data frame with 11 variables: \code{parent}, \code{sex}, \code{anasc}, \code{nascreg}, ' \code{cit}, \code{acom4c}, \code{studio}, code{q}, code{qual}, code{sett}, code{ireg}. There is an additional variable \code{id} that is the unique identifier for the data set.
| ^
checkRd: (-1) italy08.Rd:7: Lost braces
7 | \format{A data frame with 11 variables: \code{parent}, \code{sex}, \code{anasc}, \code{nascreg}, ' \code{cit}, \code{acom4c}, \code{studio}, code{q}, code{qual}, code{sett}, code{ireg}. There is an additional variable \code{id} that is the unique identifier for the data set.
| ^
checkRd: (-1) italy10.Rd:7: Lost braces
7 | \format{A data frame with 11 variables: \code{parent}, \code{sex}, \code{anasc}, \code{nascreg}, ' \code{cit}, \code{acom4c}, \code{studio}, code{q}, code{qual}, code{sett}, code{ireg}. There is an additional variable \code{id} that is the unique identifier for the data set.
| ^
checkRd: (-1) italy10.Rd:7: Lost braces
7 | \format{A data frame with 11 variables: \code{parent}, \code{sex}, \code{anasc}, \code{nascreg}, ' \code{cit}, \code{acom4c}, \code{studio}, code{q}, code{qual}, code{sett}, code{ireg}. There is an additional variable \code{id} that is the unique identifier for the data set.
| ^
checkRd: (-1) italy10.Rd:7: Lost braces
7 | \format{A data frame with 11 variables: \code{parent}, \code{sex}, \code{anasc}, \code{nascreg}, ' \code{cit}, \code{acom4c}, \code{studio}, code{q}, code{qual}, code{sett}, code{ireg}. There is an additional variable \code{id} that is the unique identifier for the data set.
| ^
checkRd: (-1) italy10.Rd:7: Lost braces
7 | \format{A data frame with 11 variables: \code{parent}, \code{sex}, \code{anasc}, \code{nascreg}, ' \code{cit}, \code{acom4c}, \code{studio}, code{q}, code{qual}, code{sett}, code{ireg}. There is an additional variable \code{id} that is the unique identifier for the data set.
| ^
Flavors: r-devel-linux-x86_64-debian-clang, r-devel-linux-x86_64-debian-gcc, r-devel-linux-x86_64-fedora-clang, r-devel-linux-x86_64-fedora-gcc, r-devel-windows-x86_64, r-patched-linux-x86_64, r-release-linux-x86_64, r-release-macos-arm64, r-release-windows-x86_64