Last updated on 2024-05-04 13:49:09 CEST.
Flavor | Version | Tinstall | Tcheck | Ttotal | Status | Flags |
---|---|---|---|---|---|---|
r-devel-linux-x86_64-debian-clang | 1.6.0 | 7.91 | 77.66 | 85.57 | NOTE | |
r-devel-linux-x86_64-debian-gcc | 1.6.0 | 6.93 | 57.29 | 64.22 | NOTE | |
r-devel-linux-x86_64-fedora-clang | 1.6.0 | 103.01 | NOTE | |||
r-devel-linux-x86_64-fedora-gcc | 1.6.0 | 99.76 | NOTE | |||
r-devel-windows-x86_64 | 1.6.0 | 8.00 | 75.00 | 83.00 | NOTE | |
r-patched-linux-x86_64 | 1.6.0 | 5.03 | 72.11 | 77.14 | NOTE | |
r-release-linux-x86_64 | 1.6.0 | 6.84 | 72.40 | 79.24 | NOTE | |
r-release-macos-arm64 | 1.6.0 | 33.00 | NOTE | |||
r-release-windows-x86_64 | 1.6.0 | 9.00 | 76.00 | 85.00 | NOTE | |
r-oldrel-macos-arm64 | 1.6.0 | 32.00 | NOTE | |||
r-oldrel-macos-x86_64 | 1.6.0 | 51.00 | NOTE | |||
r-oldrel-windows-x86_64 | 1.6.0 | 11.00 | 92.00 | 103.00 | NOTE |
Version: 1.6.0
Check: LazyData
Result: NOTE
'LazyData' is specified without a 'data' directory
Flavors: r-devel-linux-x86_64-debian-clang, r-devel-linux-x86_64-debian-gcc, r-devel-linux-x86_64-fedora-clang, r-devel-linux-x86_64-fedora-gcc, r-devel-windows-x86_64, r-patched-linux-x86_64, r-release-linux-x86_64, r-release-macos-arm64, r-release-windows-x86_64, r-oldrel-macos-arm64, r-oldrel-macos-x86_64, r-oldrel-windows-x86_64