Last updated on 2024-05-04 13:49:09 CEST.
Flavor | Version | Tinstall | Tcheck | Ttotal | Status | Flags |
---|---|---|---|---|---|---|
r-devel-linux-x86_64-debian-clang | 1.1.1 | 6.47 | 49.98 | 56.45 | OK | |
r-devel-linux-x86_64-debian-gcc | 1.1.1 | 4.76 | 38.24 | 43.00 | OK | |
r-devel-linux-x86_64-fedora-clang | 1.1.1 | 72.76 | NOTE | |||
r-devel-linux-x86_64-fedora-gcc | 1.1.1 | 66.35 | OK | |||
r-devel-windows-x86_64 | 1.1.1 | 7.00 | 57.00 | 64.00 | OK | |
r-patched-linux-x86_64 | 1.1.1 | 6.17 | 46.90 | 53.07 | OK | |
r-release-linux-x86_64 | 1.1.1 | 3.79 | 48.09 | 51.88 | OK | |
r-release-macos-arm64 | 1.1.1 | 23.00 | OK | |||
r-release-windows-x86_64 | 1.1.1 | 5.00 | 57.00 | 62.00 | OK | |
r-oldrel-macos-arm64 | 1.1.1 | 24.00 | OK | |||
r-oldrel-macos-x86_64 | 1.1.1 | 33.00 | OK | |||
r-oldrel-windows-x86_64 | 1.1.1 | 8.00 | 64.00 | 72.00 | OK |
Version: 1.1.1
Check: Rd cross-references
Result: NOTE
Undeclared package ‘AER’ in Rd xrefs
Flavor: r-devel-linux-x86_64-fedora-clang