Last updated on 2024-05-04 09:49:38 CEST.
Flavor | Version | Tinstall | Tcheck | Ttotal | Status | Flags |
---|---|---|---|---|---|---|
r-devel-linux-x86_64-debian-clang | 1.1.0 | 43.75 | 56.54 | 100.29 | NOTE | |
r-devel-linux-x86_64-debian-gcc | 1.1.0 | 35.75 | 42.07 | 77.82 | NOTE | |
r-devel-linux-x86_64-fedora-clang | 1.1.0 | 134.30 | NOTE | |||
r-devel-linux-x86_64-fedora-gcc | 1.1.0 | 136.26 | NOTE | |||
r-devel-windows-x86_64 | 1.1.0 | 37.00 | 76.00 | 113.00 | NOTE | |
r-patched-linux-x86_64 | 1.1.0 | 37.45 | 53.30 | 90.75 | NOTE | |
r-release-linux-x86_64 | 1.1.0 | 44.64 | 52.50 | 97.14 | NOTE | |
r-release-macos-arm64 | 1.1.0 | 37.00 | NOTE | |||
r-release-windows-x86_64 | 1.1.0 | 38.00 | 82.00 | 120.00 | NOTE | |
r-oldrel-macos-arm64 | 1.1.0 | 36.00 | NOTE | |||
r-oldrel-macos-x86_64 | 1.1.0 | 56.00 | NOTE | |||
r-oldrel-windows-x86_64 | 1.1.0 | 45.00 | 93.00 | 138.00 | NOTE |
Version: 1.1.0
Check: C++ specification
Result: NOTE
Specified C++11: please drop specification unless essential
Flavors: r-devel-linux-x86_64-debian-clang, r-devel-linux-x86_64-debian-gcc, r-devel-linux-x86_64-fedora-clang, r-devel-linux-x86_64-fedora-gcc, r-devel-windows-x86_64, r-patched-linux-x86_64, r-release-linux-x86_64, r-release-macos-arm64, r-release-windows-x86_64, r-oldrel-macos-arm64, r-oldrel-macos-x86_64, r-oldrel-windows-x86_64