Last updated on 2024-05-04 13:49:09 CEST.
Flavor | Version | Tinstall | Tcheck | Ttotal | Status | Flags |
---|---|---|---|---|---|---|
r-devel-linux-x86_64-debian-clang | 0.1.2 | 30.08 | 284.36 | 314.44 | OK | |
r-devel-linux-x86_64-debian-gcc | 0.1.2 | 23.15 | 203.24 | 226.39 | OK | |
r-devel-linux-x86_64-fedora-clang | 0.1.2 | 401.16 | OK | |||
r-devel-linux-x86_64-fedora-gcc | 0.1.2 | 387.64 | OK | |||
r-devel-windows-x86_64 | 0.1.2 | 28.00 | 178.00 | 206.00 | OK | |
r-patched-linux-x86_64 | 0.1.2 | 39.78 | 268.88 | 308.66 | OK | |
r-release-linux-x86_64 | 0.1.2 | 0.27 | 2.15 | 2.42 | ERROR | |
r-release-macos-arm64 | 0.1.2 | 96.00 | OK | |||
r-release-macos-x86_64 | 0.1.2 | 234.00 | OK | |||
r-release-windows-x86_64 | 0.1.2 | 24.00 | 186.00 | 210.00 | OK | |
r-oldrel-macos-arm64 | 0.1.2 | 94.00 | OK | |||
r-oldrel-macos-x86_64 | 0.1.2 | 226.00 | OK | |||
r-oldrel-windows-x86_64 | 0.1.2 | 26.00 | 231.00 | 257.00 | OK |
Version: 0.1.2
Check: package dependencies
Result: ERROR
Package required but not available: ‘rstanarm’
See section ‘The DESCRIPTION file’ in the ‘Writing R Extensions’
manual.
Flavor: r-release-linux-x86_64