Last updated on 2024-05-04 09:49:38 CEST.
Flavor | Version | Tinstall | Tcheck | Ttotal | Status | Flags |
---|---|---|---|---|---|---|
r-devel-linux-x86_64-debian-clang | 1.1.2 | 16.52 | 265.98 | 282.50 | NOTE | |
r-devel-linux-x86_64-debian-gcc | 1.1.2 | 12.46 | 192.49 | 204.95 | NOTE | |
r-devel-linux-x86_64-fedora-clang | 1.1.2 | 347.90 | NOTE | |||
r-devel-linux-x86_64-fedora-gcc | 1.1.2 | 338.70 | NOTE | |||
r-devel-windows-x86_64 | 1.1.2 | 15.00 | 187.00 | 202.00 | NOTE | |
r-patched-linux-x86_64 | 1.1.2 | 13.64 | 239.82 | 253.46 | NOTE | |
r-release-linux-x86_64 | 1.1.2 | 9.53 | 252.13 | 261.66 | NOTE | |
r-release-macos-arm64 | 1.1.2 | 89.00 | NOTE | |||
r-release-windows-x86_64 | 1.1.2 | 15.00 | 191.00 | 206.00 | NOTE | |
r-oldrel-macos-arm64 | 1.1.2 | 93.00 | OK | |||
r-oldrel-macos-x86_64 | 1.1.2 | 167.00 | OK | |||
r-oldrel-windows-x86_64 | 1.1.2 | 19.00 | 226.00 | 245.00 | OK |
Version: 1.1.2
Check: Rd files
Result: NOTE
checkRd: (-1) jrt.Rd:45-46: Lost braces
45 | \item{Difference models (more or less constrained versions of the
| ^
checkRd: (-1) jrt.Rd:54-55: Lost braces
54 | \item{Divide-by-total models (more or less constrained versions of the
| ^
Flavors: r-devel-linux-x86_64-debian-clang, r-devel-linux-x86_64-debian-gcc, r-devel-linux-x86_64-fedora-clang, r-devel-linux-x86_64-fedora-gcc, r-devel-windows-x86_64, r-patched-linux-x86_64, r-release-linux-x86_64, r-release-macos-arm64, r-release-windows-x86_64